{"id":233,"date":"2013-03-05T00:53:59","date_gmt":"2013-03-04T23:53:59","guid":{"rendered":"http:\/\/animation-debat-conference.fr\/?page_id=233"},"modified":"2015-06-19T21:03:57","modified_gmt":"2015-06-19T19:03:57","slug":"reportages-publireportages","status":"publish","type":"page","link":"https:\/\/animation-debat-conference.fr\/?page_id=233","title":{"rendered":"Reportages et publi-reportages"},"content":{"rendered":"<h4><span style=\"color: #3366ff;\"><strong>Expression Sciences<\/strong><\/span> est \u00e0 votre disposition pour la r\u00e9alisation de <strong>reportages sur le terrain<\/strong> pour la promotion de votre activit\u00e9 et de vos actualit\u00e9s.<\/h4>\n<p>&nbsp;<\/p>\n<p>Ceux-ci pourront \u00eatre :<\/p>\n<p>&#8211; <span style=\"color: #3366ff;\">nourris<\/span> par des <span style=\"color: #3366ff;\"><strong>interviews<\/strong><\/span> de collaborateurs \/ clients \/ partenaires (etc.) conduites par Nathaly Mermet, scientifique de formation (PhD Neurosciences) et journaliste de profession.<\/p>\n<p>&#8211; <span style=\"color: #3366ff;\">valoris\u00e9s<\/span> pour votre <strong><span style=\"color: #3366ff;\">communication interne<\/span><\/strong> (journal d&rsquo;entreprise, \u00e9v\u00e8nement Corporate, etc.) et\/ou <strong><span style=\"color: #3366ff;\">externe<\/span><\/strong> (presse, salons professionnels, etc.)<\/p>\n<p>&nbsp;<\/p>\n<blockquote>\n<h4><strong>R\u00e9f\u00e9rences:<\/strong><\/h4>\n<h4><\/h4>\n<ul>\n<li><strong>Supports m\u00e9dias Print &amp; Web : LE FIGARO <\/strong>(Le Figaro.fr et Le Figaro Quotien),<strong><strong> BIOLOGISTE INFOS <\/strong><\/strong>(Groupe EDP Sant\u00e9)<\/li>\n<\/ul>\n<ul>\n<li><strong>Agence de presse TECHNOSCOPE<\/strong>\u00a0: fil info Technoscope.fr et communiqu\u00e9s de presse pour les sites Web de clients de l&rsquo;agence (Inria, InVS)<\/li>\n<\/ul>\n<\/blockquote>\n<p>&nbsp;<\/p>\n<p><strong>&#8211; Exemples :<\/strong><\/p>\n<p>&nbsp;<\/p>\n<p><a href=\"http:\/\/innovations-basf.lefigaro.fr\/\">Publireportage BASF &#8211; Pour Le Figaro.fr et Le Figaro Quotidien\u00a0(cahiers \u00ab\u00a0Partner\u00a0\u00bb)\u00a0&#8211; Nathaly Mermet \u00a0<\/a><\/p>\n<p><span style=\"color: #3366ff;\"><a href=\"http:\/\/www.animation-debat-conference.fr\/wp-content\/uploads\/2013\/03\/Publireportage-bioMerieux-Pour-Biologiste-Infos-N\u00b064-Nathaly-Mermet.pdf\">Publireportage bioMerieux &#8211; Pour Biologiste Infos N\u00b064- Nathaly Mermet<\/a><\/span><\/p>\n<p><a href=\"http:\/\/www.animation-debat-conference.fr\/wp-content\/uploads\/2013\/03\/Publireportage-Abbott-Pour-Biologiste-Infos-66-Nathaly-Mermet.pdf\">Publireportage Abbott &#8211; Pour Biologiste Infos N\u00b066 &#8211; Nathaly Mermet<\/a><\/p>\n<p>Reportage en Tunisie avec l&rsquo;association <em><strong>Les Enfants d&rsquo;abord : <\/strong>14 enfants lourdement handicap\u00e9s, physiquement et mentalement, \u00e2g\u00e9s de 7 \u00e0 17 ans, d\u00e9couvrent les joies du d\u00e9sert &#8230;balades \u00e0 dos de chameau, de cheval, quad, 4&#215;4 et rencontres avec la population locale. Tout un programme et des \u00e9motions tellement fortes!\u00a0<strong><br \/>\n<\/strong><\/em><\/p>\n<div id=\"attachment_316\" style=\"width: 160px\" class=\"wp-caption alignleft\"><a href=\"http:\/\/www.animation-debat-conference.fr\/wp-content\/uploads\/2013\/03\/Reportage-Handicap-en-Tunisie-4.jpg\"><img aria-describedby=\"caption-attachment-316\" decoding=\"async\" loading=\"lazy\" class=\"wp-image-316 size-thumbnail\" src=\"http:\/\/animation-debat-conference.fr\/wp-content\/uploads\/2013\/03\/Reportage-Handicap-en-Tunisie-4-150x150.jpg\" alt=\"\" width=\"150\" height=\"150\" srcset=\"https:\/\/animation-debat-conference.fr\/wp-content\/uploads\/2013\/03\/Reportage-Handicap-en-Tunisie-4-150x150.jpg 150w, https:\/\/animation-debat-conference.fr\/wp-content\/uploads\/2013\/03\/Reportage-Handicap-en-Tunisie-4-66x66.jpg 66w\" sizes=\"(max-width: 150px) 100vw, 150px\" \/><\/a><p id=\"caption-attachment-316\" class=\"wp-caption-text\">Les enfants d&rsquo;abord<\/p><\/div>\n<div id=\"attachment_308\" style=\"width: 310px\" class=\"wp-caption alignleft\"><a href=\"http:\/\/www.animation-debat-conference.fr\/wp-content\/uploads\/2013\/03\/Reportage-Handicap-en-Tunisie-8.jpg\"><img aria-describedby=\"caption-attachment-308\" decoding=\"async\" loading=\"lazy\" class=\"wp-image-308 size-medium\" src=\"http:\/\/animation-debat-conference.fr\/wp-content\/uploads\/2013\/03\/Reportage-Handicap-en-Tunisie-8-300x225.jpg\" alt=\"OLYMPUS DIGITAL CAMERA\" width=\"300\" height=\"225\" srcset=\"https:\/\/animation-debat-conference.fr\/wp-content\/uploads\/2013\/03\/Reportage-Handicap-en-Tunisie-8-300x225.jpg 300w, https:\/\/animation-debat-conference.fr\/wp-content\/uploads\/2013\/03\/Reportage-Handicap-en-Tunisie-8-1024x768.jpg 1024w\" sizes=\"(max-width: 300px) 100vw, 300px\" \/><\/a><p id=\"caption-attachment-308\" class=\"wp-caption-text\">R\u00e9ception de &lsquo;asscociation Les enfants d&rsquo;abord par l&rsquo;Ambassadeur de Tunisie<\/p><\/div>\n<div id=\"attachment_314\" style=\"width: 310px\" class=\"wp-caption alignleft\"><a href=\"http:\/\/www.animation-debat-conference.fr\/wp-content\/uploads\/2013\/03\/Reportage-Handicap-en-Tunisie-0.jpg\"><img aria-describedby=\"caption-attachment-314\" decoding=\"async\" loading=\"lazy\" class=\"wp-image-314 size-medium\" src=\"http:\/\/animation-debat-conference.fr\/wp-content\/uploads\/2013\/03\/Reportage-Handicap-en-Tunisie-0-300x199.jpg\" alt=\"Reportage Handicap en Tunisie 0\" width=\"300\" height=\"199\" srcset=\"https:\/\/animation-debat-conference.fr\/wp-content\/uploads\/2013\/03\/Reportage-Handicap-en-Tunisie-0-300x199.jpg 300w, https:\/\/animation-debat-conference.fr\/wp-content\/uploads\/2013\/03\/Reportage-Handicap-en-Tunisie-0.jpg 640w\" sizes=\"(max-width: 300px) 100vw, 300px\" \/><\/a><p id=\"caption-attachment-314\" class=\"wp-caption-text\">Les reporters : Abdel, Val et Nath<\/p><\/div>\n<div id=\"attachment_319\" style=\"width: 310px\" class=\"wp-caption aligncenter\"><a href=\"http:\/\/www.animation-debat-conference.fr\/wp-content\/uploads\/2013\/03\/Reportage-Handicap-en-Tunisie.jpg\"><img aria-describedby=\"caption-attachment-319\" decoding=\"async\" loading=\"lazy\" class=\"wp-image-319 size-medium\" src=\"http:\/\/animation-debat-conference.fr\/wp-content\/uploads\/2013\/03\/Reportage-Handicap-en-Tunisie-300x225.jpg\" alt=\"Reportage Handicap en Tunisie\" width=\"300\" height=\"225\" srcset=\"https:\/\/animation-debat-conference.fr\/wp-content\/uploads\/2013\/03\/Reportage-Handicap-en-Tunisie-300x225.jpg 300w, https:\/\/animation-debat-conference.fr\/wp-content\/uploads\/2013\/03\/Reportage-Handicap-en-Tunisie.jpg 720w\" sizes=\"(max-width: 300px) 100vw, 300px\" \/><\/a><p id=\"caption-attachment-319\" class=\"wp-caption-text\">Escapade dans le d\u00e9sert<\/p><\/div>\n<div id=\"attachment_309\" style=\"width: 310px\" class=\"wp-caption alignleft\"><a href=\"http:\/\/www.animation-debat-conference.fr\/wp-content\/uploads\/2013\/03\/Reportage-Handicap-en-Tunisie-7.jpg\"><img aria-describedby=\"caption-attachment-309\" decoding=\"async\" loading=\"lazy\" class=\"wp-image-309 size-medium\" src=\"http:\/\/animation-debat-conference.fr\/wp-content\/uploads\/2013\/03\/Reportage-Handicap-en-Tunisie-7-300x225.jpg\" alt=\"\" width=\"300\" height=\"225\" srcset=\"https:\/\/animation-debat-conference.fr\/wp-content\/uploads\/2013\/03\/Reportage-Handicap-en-Tunisie-7-300x225.jpg 300w, https:\/\/animation-debat-conference.fr\/wp-content\/uploads\/2013\/03\/Reportage-Handicap-en-Tunisie-7-1024x768.jpg 1024w\" sizes=\"(max-width: 300px) 100vw, 300px\" \/><\/a><p id=\"caption-attachment-309\" class=\"wp-caption-text\">Sur les dunes au couchant avec Les enfants d&rsquo;abord<\/p><\/div>\n<div id=\"attachment_313\" style=\"width: 310px\" class=\"wp-caption alignright\"><a href=\"http:\/\/www.animation-debat-conference.fr\/wp-content\/uploads\/2013\/03\/Reportage-Handicap-en-Tunisie-1.jpg\"><img aria-describedby=\"caption-attachment-313\" decoding=\"async\" loading=\"lazy\" class=\"wp-image-313 size-medium\" src=\"http:\/\/animation-debat-conference.fr\/wp-content\/uploads\/2013\/03\/Reportage-Handicap-en-Tunisie-1-300x225.jpg\" alt=\"\" width=\"300\" height=\"225\" srcset=\"https:\/\/animation-debat-conference.fr\/wp-content\/uploads\/2013\/03\/Reportage-Handicap-en-Tunisie-1-300x225.jpg 300w, https:\/\/animation-debat-conference.fr\/wp-content\/uploads\/2013\/03\/Reportage-Handicap-en-Tunisie-1-1024x768.jpg 1024w\" sizes=\"(max-width: 300px) 100vw, 300px\" \/><\/a><p id=\"caption-attachment-313\" class=\"wp-caption-text\">A l&rsquo;approche de la fronti\u00e8re alg\u00e9rienne<\/p><\/div>\n<div id=\"attachment_307\" style=\"width: 310px\" class=\"wp-caption alignleft\"><a href=\"http:\/\/www.animation-debat-conference.fr\/wp-content\/uploads\/2013\/03\/Reportage-Handicap-en-Tunisie-9.jpg\"><img aria-describedby=\"caption-attachment-307\" decoding=\"async\" loading=\"lazy\" class=\"wp-image-307 size-medium\" src=\"http:\/\/animation-debat-conference.fr\/wp-content\/uploads\/2013\/03\/Reportage-Handicap-en-Tunisie-9-300x199.jpg\" alt=\"Reportage Handicap en Tunisie 9\" width=\"300\" height=\"199\" srcset=\"https:\/\/animation-debat-conference.fr\/wp-content\/uploads\/2013\/03\/Reportage-Handicap-en-Tunisie-9-300x199.jpg 300w, https:\/\/animation-debat-conference.fr\/wp-content\/uploads\/2013\/03\/Reportage-Handicap-en-Tunisie-9.jpg 640w\" sizes=\"(max-width: 300px) 100vw, 300px\" \/><\/a><p id=\"caption-attachment-307\" class=\"wp-caption-text\">D\u00e9jeuner avec les familles et accompagnateurs de l&rsquo;association \u00ab\u00a0Les enfants d&rsquo;abord\u00a0\u00bb<\/p><\/div>\n<p class=\"alignleft\"><a href=\"http:\/\/www.animation-debat-conference.fr\/wp-content\/uploads\/2013\/03\/Reportage-Tunisie-Adel-Nath-Roue-porte-maison-troglodyte.jpg\"><img decoding=\"async\" loading=\"lazy\" class=\"alignleft size-medium wp-image-312\" src=\"http:\/\/www.animation-debat-conference.fr\/wp-content\/uploads\/2013\/03\/Reportage-Tunisie-Adel-Nath-Roue-porte-maison-troglodyte-300x225.jpg\" alt=\"Reportage Tunisie - Adel &amp; Nath - Roue porte maison troglodyte\" width=\"156\" height=\"118\" srcset=\"https:\/\/animation-debat-conference.fr\/wp-content\/uploads\/2013\/03\/Reportage-Tunisie-Adel-Nath-Roue-porte-maison-troglodyte-300x225.jpg 300w, https:\/\/animation-debat-conference.fr\/wp-content\/uploads\/2013\/03\/Reportage-Tunisie-Adel-Nath-Roue-porte-maison-troglodyte.jpg 720w\" sizes=\"(max-width: 156px) 100vw, 156px\" \/><\/a><a href=\"http:\/\/www.animation-debat-conference.fr\/wp-content\/uploads\/2013\/03\/Reportage-Handicap-en-Tunisie-6.jpg\"><img decoding=\"async\" loading=\"lazy\" class=\"alignleft wp-image-310 size-medium\" src=\"http:\/\/animation-debat-conference.fr\/wp-content\/uploads\/2013\/03\/Reportage-Handicap-en-Tunisie-6-300x225.jpg\" alt=\"OLYMPUS DIGITAL CAMERA\" width=\"300\" height=\"225\" srcset=\"https:\/\/animation-debat-conference.fr\/wp-content\/uploads\/2013\/03\/Reportage-Handicap-en-Tunisie-6-300x225.jpg 300w, https:\/\/animation-debat-conference.fr\/wp-content\/uploads\/2013\/03\/Reportage-Handicap-en-Tunisie-6-1024x768.jpg 1024w\" sizes=\"(max-width: 300px) 100vw, 300px\" \/><\/a><a href=\"http:\/\/www.animation-debat-conference.fr\/wp-content\/uploads\/2013\/03\/Reportage-Handicap-en-Tunisie-3.jpg\"><img decoding=\"async\" loading=\"lazy\" class=\"alignright wp-image-317 size-medium\" src=\"http:\/\/animation-debat-conference.fr\/wp-content\/uploads\/2013\/03\/Reportage-Handicap-en-Tunisie-3-300x225.jpg\" alt=\"OLYMPUS DIGITAL CAMERA\" width=\"300\" height=\"225\" srcset=\"https:\/\/animation-debat-conference.fr\/wp-content\/uploads\/2013\/03\/Reportage-Handicap-en-Tunisie-3-300x225.jpg 300w, https:\/\/animation-debat-conference.fr\/wp-content\/uploads\/2013\/03\/Reportage-Handicap-en-Tunisie-3-1024x768.jpg 1024w\" sizes=\"(max-width: 300px) 100vw, 300px\" \/><\/a><a href=\"http:\/\/www.animation-debat-conference.fr\/wp-content\/uploads\/2013\/03\/Reportage-Handicap-en-Tunisie-2.jpg\"><img decoding=\"async\" loading=\"lazy\" class=\"alignleft wp-image-318 size-medium\" src=\"http:\/\/animation-debat-conference.fr\/wp-content\/uploads\/2013\/03\/Reportage-Handicap-en-Tunisie-2-300x225.jpg\" alt=\"Reportage Handicap en Tunisie 2\" width=\"300\" height=\"225\" srcset=\"https:\/\/animation-debat-conference.fr\/wp-content\/uploads\/2013\/03\/Reportage-Handicap-en-Tunisie-2-300x225.jpg 300w, https:\/\/animation-debat-conference.fr\/wp-content\/uploads\/2013\/03\/Reportage-Handicap-en-Tunisie-2.jpg 960w\" sizes=\"(max-width: 300px) 100vw, 300px\" \/><\/a>\u00a0\u00a0\u00a0\u00a0\u00a0\u00a0 <a href=\"http:\/\/www.animation-debat-conference.fr\/wp-content\/uploads\/2013\/03\/Reportage-Tunisie-Adel-Val-Nath-...sur-les-dunes-au-couchant.jpg\"><img decoding=\"async\" loading=\"lazy\" class=\"alignright wp-image-311 size-medium\" src=\"http:\/\/animation-debat-conference.fr\/wp-content\/uploads\/2013\/03\/Reportage-Tunisie-Adel-Val-Nath-...sur-les-dunes-au-couchant-300x199.jpg\" alt=\"Reportage Tunisie - Adel Val &amp; Nath ...sur les dunes au couchant\" width=\"300\" height=\"199\" srcset=\"https:\/\/animation-debat-conference.fr\/wp-content\/uploads\/2013\/03\/Reportage-Tunisie-Adel-Val-Nath-...sur-les-dunes-au-couchant-300x199.jpg 300w, https:\/\/animation-debat-conference.fr\/wp-content\/uploads\/2013\/03\/Reportage-Tunisie-Adel-Val-Nath-...sur-les-dunes-au-couchant.jpg 640w\" sizes=\"(max-width: 300px) 100vw, 300px\" \/><\/a> <a href=\"http:\/\/www.animation-debat-conference.fr\/wp-content\/uploads\/2013\/03\/Reportage-Handicap-en-Tunisie-5.jpg\"><img decoding=\"async\" loading=\"lazy\" class=\"alignright wp-image-315 size-medium\" src=\"http:\/\/animation-debat-conference.fr\/wp-content\/uploads\/2013\/03\/Reportage-Handicap-en-Tunisie-5-300x225.jpg\" alt=\"Reportage Handicap en Tunisie 5\" width=\"300\" height=\"225\" srcset=\"https:\/\/animation-debat-conference.fr\/wp-content\/uploads\/2013\/03\/Reportage-Handicap-en-Tunisie-5-300x225.jpg 300w, https:\/\/animation-debat-conference.fr\/wp-content\/uploads\/2013\/03\/Reportage-Handicap-en-Tunisie-5.jpg 720w\" sizes=\"(max-width: 300px) 100vw, 300px\" \/><\/a><\/p>\n","protected":false},"excerpt":{"rendered":"<p>Expression Sciences est \u00e0 votre disposition pour la r\u00e9alisation de reportages sur le terrain pour la promotion de votre activit\u00e9 et de vos actualit\u00e9s. &nbsp; Ceux-ci pourront \u00eatre : &#8211; nourris par des interviews de collaborateurs \/ clients \/ partenaires (etc.) conduites par Nathaly Mermet, scientifique de formation (PhD Neurosciences) et journaliste de profession. &#8211; [&hellip;]<\/p>\n","protected":false},"author":1,"featured_media":272,"parent":622,"menu_order":0,"comment_status":"closed","ping_status":"open","template":"","meta":[],"_links":{"self":[{"href":"https:\/\/animation-debat-conference.fr\/index.php?rest_route=\/wp\/v2\/pages\/233"}],"collection":[{"href":"https:\/\/animation-debat-conference.fr\/index.php?rest_route=\/wp\/v2\/pages"}],"about":[{"href":"https:\/\/animation-debat-conference.fr\/index.php?rest_route=\/wp\/v2\/types\/page"}],"author":[{"embeddable":true,"href":"https:\/\/animation-debat-conference.fr\/index.php?rest_route=\/wp\/v2\/users\/1"}],"replies":[{"embeddable":true,"href":"https:\/\/animation-debat-conference.fr\/index.php?rest_route=%2Fwp%2Fv2%2Fcomments&post=233"}],"version-history":[{"count":19,"href":"https:\/\/animation-debat-conference.fr\/index.php?rest_route=\/wp\/v2\/pages\/233\/revisions"}],"predecessor-version":[{"id":1064,"href":"https:\/\/animation-debat-conference.fr\/index.php?rest_route=\/wp\/v2\/pages\/233\/revisions\/1064"}],"up":[{"embeddable":true,"href":"https:\/\/animation-debat-conference.fr\/index.php?rest_route=\/wp\/v2\/pages\/622"}],"wp:featuredmedia":[{"embeddable":true,"href":"https:\/\/animation-debat-conference.fr\/index.php?rest_route=\/wp\/v2\/media\/272"}],"wp:attachment":[{"href":"https:\/\/animation-debat-conference.fr\/index.php?rest_route=%2Fwp%2Fv2%2Fmedia&parent=233"}],"curies":[{"name":"wp","href":"https:\/\/api.w.org\/{rel}","templated":true}]}}