{"id":32,"date":"2012-09-08T02:39:57","date_gmt":"2012-09-08T00:39:57","guid":{"rendered":"http:\/\/animation-debat-conference.fr\/?page_id=32"},"modified":"2013-11-02T03:05:51","modified_gmt":"2013-11-02T02:05:51","slug":"prestations","status":"publish","type":"page","link":"https:\/\/animation-debat-conference.fr\/?page_id=32","title":{"rendered":"Prestations"},"content":{"rendered":"<p><strong>Des prestations \u00ab\u00a0sur mesure\u00a0\u00bb en r\u00e9daction et\/ou animation, scientifique, technique et m\u00e9dicale.<\/strong><\/p>\n<p>Cr\u00e9\u00e9e en 2004, l\u2019EURL \u00ab\u00a0Expression Sciences\u00a0\u00bb est une soci\u00e9t\u00e9 de services aux entreprises allant de la consultation \u00e0 la mise en \u0153uvre op\u00e9rationnelle, dans le domaine de la communication scientifique, technique et m\u00e9dicale.<\/p>\n<p>Les prestations propos\u00e9es par Expression Sciences embrassent les volets<\/p>\n<ul>\n<li><strong>EVENEMENTIEL<\/strong> : organisation et animation de tables-rondes, d\u00e9bats, s\u00e9minaires, symposiums, colloques, \u00ab\u00a0caf\u00e9s scientifiques\u00a0\u00bb, c\u00e9r\u00e9monies, conventions\u2026<\/li>\n<\/ul>\n<p align=\"right\"><a href=\"http:\/\/animation-debat-conference.fr\/wp-content\/uploads\/2012\/09\/Plaquette-ExpressionSciences-Animation-NathalyMermet.pdf\">Plaquette ExpressionSciences \/ Animation -Nathaly Me<\/a><strong><a href=\"http:\/\/www.animation-debat-conference.fr\/wp-content\/uploads\/2012\/09\/Tribune-de-la-Sant\u00e9-Cancer-21-10-13-004.jpg\"><img decoding=\"async\" loading=\"lazy\" class=\"alignleft size-medium wp-image-331\" alt=\"Tribune de la Sant\u00e9 Cancer - 21-10-13 004\" src=\"http:\/\/www.animation-debat-conference.fr\/wp-content\/uploads\/2012\/09\/Tribune-de-la-Sant\u00e9-Cancer-21-10-13-004-300x225.jpg\" width=\"128\" height=\"99\" \/><\/a><\/strong><a href=\"http:\/\/animation-debat-conference.fr\/wp-content\/uploads\/2012\/09\/Plaquette-ExpressionSciences-Animation-NathalyMermet.pdf\">rmet<\/a><\/p>\n<p>&nbsp;<\/p>\n<p>&nbsp;<\/p>\n<p>Et<\/p>\n<p>&nbsp;<\/p>\n<ul>\n<li><strong>REDACTIONNEL<\/strong> : communiqu\u00e9s et dossiers presse, newsletters, plaquettes, rapports, actes de colloques, contenu des sites internet etc.<\/li>\n<\/ul>\n<p align=\"right\"><a href=\"http:\/\/animation-debat-conference.fr\/wp-content\/uploads\/2012\/09\/ExpressionSciences-R\u00e9dactionnel-Nathaly-Mermet.pdf\">ExpressionSciences &#8211; R\u00e9dactionnel &#8211; Nathaly Mermet<\/a><\/p>\n<p>&nbsp;<\/p>\n<p><em><strong>Des services \u00ab\u00a0\u00e0 la carte\u00a0\u00bb au service \u00e0 la fois<\/strong><\/em><\/p>\n<p>&#8211; des petites structures (<strong><span style=\"color: #333399;\">PME-PMI, start-up<\/span><\/strong>\u2026) qui ne disposent pas des ressources n\u00e9cessaires en interne, mais ont pourtant imp\u00e9rativement besoin de communiquer.<\/p>\n<p>&#8211; des structures plus importantes (<strong><span style=\"color: #333399;\">institutions, grands laboratoires publics ou priv\u00e9s, groupes industriels<\/span><\/strong>\u2026) qui souhaitent se d\u00e9charger en partie en externalisant certaines r\u00e9alisations.<\/p>\n<p>Tous les domaines des sciences de la vie sont concern\u00e9s\u00a0: de la <strong>sant\u00e9<\/strong>, la <strong>pharmacie<\/strong> et des<strong> biotechnologies<\/strong> aux <strong>agro-bioressources<\/strong> et \u00e0 l\u2019<strong>environnement<\/strong>, en passant par l\u2019<strong>instrumentation scientifique<\/strong>, les <strong>technologies m\u00e9dicales<\/strong> et la <strong>cosm\u00e9tique<\/strong>.<\/p>\n<p>&nbsp;<\/p>\n<p>L\u2019expertise d\u2019Expression Sciences depuis une dizaine d\u2019ann\u00e9es a permis de conduire de nombreuses exp\u00e9riences collaboratives et d\u2019accompagnement de projets, \u00e0 la fois sur le plan du conseil et de la r\u00e9alisation.<\/p>\n<p>&nbsp;<\/p>\n<p><em>Atouts :<\/em><\/p>\n<p>Mon exp\u00e9rience dans la presse m\u00e9dicale et scientifique est un atout majeur pour r\u00e9pondre aux exigences des chefs d\u2019entreprises ou chefs de projets (compr\u00e9hension des sujets, r\u00e9activit\u00e9, reformulation des informations, assistance au montage de projets, etc.).<\/p>\n<p>Mon parcours m\u2019a donn\u00e9 la chance d\u2019exercer un m\u00e9tier passionnant et de \u00ab\u00a0recyclage permanent\u00a0\u00bb, dans un objectif de d\u00e9codage et de diffusion de l\u2019information, de vulgarisation, d\u2019acc\u00e9l\u00e9ration de la transmission des connaissances. Il m\u2019a permis d\u2019\u00eatre confront\u00e9e au quotidien \u00e0 la nouveaut\u00e9 et aux innovations technologiques.<\/p>\n<p>&nbsp;<\/p>\n<p style=\"text-align: center;\"><strong>Expression Sciences est \u00e0 votre disposition pour valoriser mes comp\u00e9tences au service de vos projets.<\/strong><\/p>\n","protected":false},"excerpt":{"rendered":"<p>Des prestations \u00ab\u00a0sur mesure\u00a0\u00bb en r\u00e9daction et\/ou animation, scientifique, technique et m\u00e9dicale. Cr\u00e9\u00e9e en 2004, l\u2019EURL \u00ab\u00a0Expression Sciences\u00a0\u00bb est une soci\u00e9t\u00e9 de services aux entreprises allant de la consultation \u00e0 la mise en \u0153uvre op\u00e9rationnelle, dans le domaine de la communication scientifique, technique et m\u00e9dicale. Les prestations propos\u00e9es par Expression Sciences embrassent les volets EVENEMENTIEL [&hellip;]<\/p>\n","protected":false},"author":1,"featured_media":0,"parent":0,"menu_order":0,"comment_status":"closed","ping_status":"open","template":"","meta":[],"_links":{"self":[{"href":"https:\/\/animation-debat-conference.fr\/index.php?rest_route=\/wp\/v2\/pages\/32"}],"collection":[{"href":"https:\/\/animation-debat-conference.fr\/index.php?rest_route=\/wp\/v2\/pages"}],"about":[{"href":"https:\/\/animation-debat-conference.fr\/index.php?rest_route=\/wp\/v2\/types\/page"}],"author":[{"embeddable":true,"href":"https:\/\/animation-debat-conference.fr\/index.php?rest_route=\/wp\/v2\/users\/1"}],"replies":[{"embeddable":true,"href":"https:\/\/animation-debat-conference.fr\/index.php?rest_route=%2Fwp%2Fv2%2Fcomments&post=32"}],"version-history":[{"count":19,"href":"https:\/\/animation-debat-conference.fr\/index.php?rest_route=\/wp\/v2\/pages\/32\/revisions"}],"predecessor-version":[{"id":333,"href":"https:\/\/animation-debat-conference.fr\/index.php?rest_route=\/wp\/v2\/pages\/32\/revisions\/333"}],"wp:attachment":[{"href":"https:\/\/animation-debat-conference.fr\/index.php?rest_route=%2Fwp%2Fv2%2Fmedia&parent=32"}],"curies":[{"name":"wp","href":"https:\/\/api.w.org\/{rel}","templated":true}]}}