{"id":55,"date":"2012-09-08T03:26:57","date_gmt":"2012-09-08T01:26:57","guid":{"rendered":"http:\/\/animation-debat-conference.fr\/?page_id=55"},"modified":"2014-11-30T18:57:27","modified_gmt":"2014-11-30T17:57:27","slug":"reseaux","status":"publish","type":"page","link":"https:\/\/animation-debat-conference.fr\/?page_id=55","title":{"rendered":"R\u00e9seaux"},"content":{"rendered":"<p>Expression Sciences peut mobiliser son r\u00e9seau professionnel au b\u00e9n\u00e9fice de votre communication.<\/p>\n<p>Autonome dans les missions qui lui sont confi\u00e9es, Nathaly collabore au sein de groupes de travail et mobilise ses r\u00e9seaux quand certains projets l\u2019exigent<\/p>\n<ul>\n<li>\u00a0Nathaly est ancienne auditrice de l&rsquo;<strong>Institut des Hautes Etudes pour la Science et la Technologie<\/strong>, Cycle national de formation de l\u2019<strong>IHEST 2011-2012<\/strong>, promotion Christiane Desroches-Noblecourt<\/li>\n<\/ul>\n<p style=\"text-align: right;\"><em>http:\/\/www.ihest.fr\/l-institut\/les-auditeurs\/la-promotion-2011-2012<\/em><\/p>\n<p style=\"text-align: right;\"><a href=\"http:\/\/www.animation-debat-conference.fr\/wp-content\/uploads\/2012\/09\/Promotion-IHEST-Visite-au-Centre-de-recherche-Michelin-29-11-11.jpg\"><img decoding=\"async\" loading=\"lazy\" class=\"alignleft size-medium wp-image-328\" src=\"http:\/\/www.animation-debat-conference.fr\/wp-content\/uploads\/2012\/09\/Promotion-IHEST-Visite-au-Centre-de-recherche-Michelin-29-11-11-300x200.jpg\" alt=\"Promotion IHEST - Visite au Centre de recherche Michelin 29-11-11\" width=\"541\" height=\"360\" srcset=\"https:\/\/animation-debat-conference.fr\/wp-content\/uploads\/2012\/09\/Promotion-IHEST-Visite-au-Centre-de-recherche-Michelin-29-11-11-300x200.jpg 300w, https:\/\/animation-debat-conference.fr\/wp-content\/uploads\/2012\/09\/Promotion-IHEST-Visite-au-Centre-de-recherche-Michelin-29-11-11-1024x682.jpg 1024w\" sizes=\"(max-width: 541px) 100vw, 541px\" \/><\/a><\/p>\n<p style=\"text-align: right;\">Promotion IHEST &#8211; Visite au Centre de recherche Michelin 29-11-11<\/p>\n<ul>\n<li>Expression Sciences est membre du groupe <strong>Efficiences<\/strong> : r\u00e9seau de collaborateurs experts dans le domaine des sciences de la vie et de la sant\u00e9.<\/li>\n<\/ul>\n<p>Nathaly est co-fondatrice de ce Groupe collaboratif\u00a0 avec des experts business d\u00e9veloppement \/ affaires r\u00e8glementaires en sciences de la vie \/ medtechs\/ biotechs\/pharma)<\/p>\n<p style=\"text-align: right;\"><em>www.efficiences.net<\/em><\/p>\n<p><a href=\"http:\/\/animation-debat-conference.fr\/wp-content\/uploads\/2012\/09\/Pres_Flyer_300112e.pdf\">Pres_Flyer_300112e<\/a><\/p>\n<p><a href=\"http:\/\/animation-debat-conference.fr\/wp-content\/uploads\/2012\/09\/Groupe-Efficiences-Pres-JCB.ppt\">Group<\/a><a href=\"http:\/\/animation-debat-conference.fr\/wp-content\/uploads\/2012\/09\/Groupe-Efficiences-Pres-JCB.ppt\">e<\/a><a href=\"http:\/\/animation-debat-conference.fr\/wp-content\/uploads\/2012\/09\/Groupe-Efficiences-Pres-JCB.ppt\"> Effi<\/a><a href=\"http:\/\/animation-debat-conference.fr\/wp-content\/uploads\/2012\/09\/Groupe-Efficiences-Pres-JCB.ppt\">ciences &#8211; Pres JCB<\/a><\/p>\n<p><a href=\"http:\/\/animation-debat-conference.fr\/wp-content\/uploads\/2012\/09\/Pr\u00e9sentation-PPT-Com-Presse-NM-Cr\u00e9alys-VF.ppt\">Pr\u00e9sentation PPT Com&rsquo; Presse NM &#8211; Cr\u00e9alys VF<\/a><\/p>\n<p><a href=\"http:\/\/animation-debat-conference.fr\/wp-content\/uploads\/2012\/09\/Pres_Flyer_290112v13b-1.jpg\"><img decoding=\"async\" loading=\"lazy\" class=\"alignnone  wp-image-117\" title=\"Pres_Flyer_290112v13b-1\" src=\"http:\/\/animation-debat-conference.fr\/wp-content\/uploads\/2012\/09\/Pres_Flyer_290112v13b-1-225x300.jpg\" alt=\"\" width=\"97\" height=\"126\" \/><\/a><\/p>\n<p>&nbsp;<\/p>\n<ul>\n<li>Nathaly est membre du\u00a0 <strong>Club de la Presse de Lyon<\/strong>. Elle en a \u00e9t\u00e9 Vice-Pr\u00e9sidente de 2005 \u00e0 2008 et membre du conseil d\u2019administration de 2010 \u00e0 2013.<\/li>\n<\/ul>\n<p style=\"text-align: right;\"><em>\u00a0<\/em><\/p>\n<p style=\"text-align: right;\"><em>http:\/\/www.clubpresse.com\/<\/em><\/p>\n<ul>\n<li>Nathaly est membre de l&rsquo;<strong>AJSPI, Association des Journalistes Scientifiques de Presse d\u2019Information<\/strong> depuis 2007.<\/li>\n<\/ul>\n<p style=\"text-align: right;\"><em>http:\/\/www.ajspi.com\/<\/em><\/p>\n<p>\u00a0<em> <a href=\"http:\/\/www.ajspi.com\/frontpage\">L&rsquo;Association des journalistes scientifiques de la presse d&rsquo;information regroupe 250 journalistes appartenant \u00e0 tout type de m\u00e9dias : presse \u00e9crite, radio, t\u00e9l\u00e9vision, presse Internet&#8230;<\/a><\/em><\/p>\n<p>&nbsp;<\/p>\n<ul>\n<li>Enfin, un large r\u00e9seau informel, construit au fil des ann\u00e9es, \u00e0\u00a0 l\u2019interface des milieux acad\u00e9mique, clinique et industriel, sera valoris\u00e9 au service des missions que vous souhaiterez me confier!<\/li>\n<\/ul>\n<p><strong>Mes pages sur la toile :<\/strong><\/p>\n<p>&#8211; http:\/\/www.linkedin.com\/profile\/edit?trk=tab_pro<\/p>\n<p>&#8211; https:\/\/twitter.com\/NathMermet<\/p>\n<p><a href=\"https:\/\/twitter.com\/NathMermet\">Compte Twitter<\/a><\/p>\n<p>&nbsp;<\/p>\n","protected":false},"excerpt":{"rendered":"<p>Expression Sciences peut mobiliser son r\u00e9seau professionnel au b\u00e9n\u00e9fice de votre communication. Autonome dans les missions qui lui sont confi\u00e9es, Nathaly collabore au sein de groupes de travail et mobilise ses r\u00e9seaux quand certains projets l\u2019exigent \u00a0Nathaly est ancienne auditrice de l&rsquo;Institut des Hautes Etudes pour la Science et la Technologie, Cycle national de formation [&hellip;]<\/p>\n","protected":false},"author":1,"featured_media":0,"parent":2,"menu_order":0,"comment_status":"open","ping_status":"open","template":"","meta":[],"_links":{"self":[{"href":"https:\/\/animation-debat-conference.fr\/index.php?rest_route=\/wp\/v2\/pages\/55"}],"collection":[{"href":"https:\/\/animation-debat-conference.fr\/index.php?rest_route=\/wp\/v2\/pages"}],"about":[{"href":"https:\/\/animation-debat-conference.fr\/index.php?rest_route=\/wp\/v2\/types\/page"}],"author":[{"embeddable":true,"href":"https:\/\/animation-debat-conference.fr\/index.php?rest_route=\/wp\/v2\/users\/1"}],"replies":[{"embeddable":true,"href":"https:\/\/animation-debat-conference.fr\/index.php?rest_route=%2Fwp%2Fv2%2Fcomments&post=55"}],"version-history":[{"count":13,"href":"https:\/\/animation-debat-conference.fr\/index.php?rest_route=\/wp\/v2\/pages\/55\/revisions"}],"predecessor-version":[{"id":648,"href":"https:\/\/animation-debat-conference.fr\/index.php?rest_route=\/wp\/v2\/pages\/55\/revisions\/648"}],"up":[{"embeddable":true,"href":"https:\/\/animation-debat-conference.fr\/index.php?rest_route=\/wp\/v2\/pages\/2"}],"wp:attachment":[{"href":"https:\/\/animation-debat-conference.fr\/index.php?rest_route=%2Fwp%2Fv2%2Fmedia&parent=55"}],"curies":[{"name":"wp","href":"https:\/\/api.w.org\/{rel}","templated":true}]}}

Réseaux

<p>Expression Sciences peut mobiliser son réseau professionnel au bénéfice de votre communication.</p>
<p>Autonome dans les missions qui lui sont confiées, Nathaly collabore au sein de groupes de travail et mobilise ses réseaux quand certains projets l’exigent</p>
<ul>
<li> Nathaly est ancienne auditrice de l&rsquo;<strong>Institut des Hautes Etudes pour la Science et la Technologie</strong>, Cycle national de formation de l’<strong>IHEST 2011-2012</strong>, promotion Christiane Desroches-Noblecourt</li>
</ul>
<p style="text-align: right;"><em>http://www.ihest.fr/l-institut/les-auditeurs/la-promotion-2011-2012</em></p>
<p style="text-align: right;"><a href="http://www.animation-debat-conference.fr/wp-content/uploads/2012/09/Promotion-IHEST-Visite-au-Centre-de-recherche-Michelin-29-11-11.jpg"><img decoding="async" loading="lazy" class="alignleft size-medium wp-image-328" src="http://www.animation-debat-conference.fr/wp-content/uploads/2012/09/Promotion-IHEST-Visite-au-Centre-de-recherche-Michelin-29-11-11-300x200.jpg" alt="Promotion IHEST - Visite au Centre de recherche Michelin 29-11-11" width="541" height="360" srcset="https://animation-debat-conference.fr/wp-content/uploads/2012/09/Promotion-IHEST-Visite-au-Centre-de-recherche-Michelin-29-11-11-300x200.jpg 300w, https://animation-debat-conference.fr/wp-content/uploads/2012/09/Promotion-IHEST-Visite-au-Centre-de-recherche-Michelin-29-11-11-1024x682.jpg 1024w" sizes="(max-width: 541px) 100vw, 541px" /></a></p>
<p style="text-align: right;">Promotion IHEST &#8211; Visite au Centre de recherche Michelin 29-11-11</p>
<ul>
<li>Expression Sciences est membre du groupe <strong>Efficiences</strong> : réseau de collaborateurs experts dans le domaine des sciences de la vie et de la santé.</li>
</ul>
<p>Nathaly est co-fondatrice de ce Groupe collaboratif  avec des experts business développement / affaires règlementaires en sciences de la vie / medtechs/ biotechs/pharma)</p>
<p style="text-align: right;"><em>www.efficiences.net</em></p>
<p><a href="http://animation-debat-conference.fr/wp-content/uploads/2012/09/Pres_Flyer_300112e.pdf">Pres_Flyer_300112e</a></p>
<p><a href="http://animation-debat-conference.fr/wp-content/uploads/2012/09/Groupe-Efficiences-Pres-JCB.ppt">Group</a><a href="http://animation-debat-conference.fr/wp-content/uploads/2012/09/Groupe-Efficiences-Pres-JCB.ppt">e</a><a href="http://animation-debat-conference.fr/wp-content/uploads/2012/09/Groupe-Efficiences-Pres-JCB.ppt"> Effi</a><a href="http://animation-debat-conference.fr/wp-content/uploads/2012/09/Groupe-Efficiences-Pres-JCB.ppt">ciences &#8211; Pres JCB</a></p>
<p><a href="http://animation-debat-conference.fr/wp-content/uploads/2012/09/Présentation-PPT-Com-Presse-NM-Créalys-VF.ppt">Présentation PPT Com&rsquo; Presse NM &#8211; Créalys VF</a></p>
<p><a href="http://animation-debat-conference.fr/wp-content/uploads/2012/09/Pres_Flyer_290112v13b-1.jpg"><img decoding="async" loading="lazy" class="alignnone  wp-image-117" title="Pres_Flyer_290112v13b-1" src="http://animation-debat-conference.fr/wp-content/uploads/2012/09/Pres_Flyer_290112v13b-1-225x300.jpg" alt="" width="97" height="126" /></a></p>
<p>&nbsp;</p>
<ul>
<li>Nathaly est membre du  <strong>Club de la Presse de Lyon</strong>. Elle en a été Vice-Présidente de 2005 à 2008 et membre du conseil d’administration de 2010 à 2013.</li>
</ul>
<p style="text-align: right;"><em> </em></p>
<p style="text-align: right;"><em>http://www.clubpresse.com/</em></p>
<ul>
<li>Nathaly est membre de l&rsquo;<strong>AJSPI, Association des Journalistes Scientifiques de Presse d’Information</strong> depuis 2007.</li>
</ul>
<p style="text-align: right;"><em>http://www.ajspi.com/</em></p>
<p> <em> <a href="http://www.ajspi.com/frontpage">L&rsquo;Association des journalistes scientifiques de la presse d&rsquo;information regroupe 250 journalistes appartenant à tout type de médias : presse écrite, radio, télévision, presse Internet&#8230;</a></em></p>
<p>&nbsp;</p>
<ul>
<li>Enfin, un large réseau informel, construit au fil des années, à  l’interface des milieux académique, clinique et industriel, sera valorisé au service des missions que vous souhaiterez me confier!</li>
</ul>
<p><strong>Mes pages sur la toile :</strong></p>
<p>&#8211; http://www.linkedin.com/profile/edit?trk=tab_pro</p>
<p>&#8211; https://twitter.com/NathMermet</p>
<p><a href="https://twitter.com/NathMermet">Compte Twitter</a></p>
<p>&nbsp;</p>

<p>Expression Sciences peut mobiliser son réseau professionnel au bénéfice de votre communication. Autonome dans les missions qui lui sont confiées, Nathaly collabore au sein de groupes de travail et mobilise ses réseaux quand certains projets l’exigent  Nathaly est ancienne auditrice de l&rsquo;Institut des Hautes Etudes pour la Science et la Technologie, Cycle national de formation [&hellip;]</p>
