{"id":617,"date":"2014-05-27T17:07:52","date_gmt":"2014-05-27T15:07:52","guid":{"rendered":"http:\/\/www.animation-debat-conference.fr\/?page_id=617"},"modified":"2019-08-04T16:32:42","modified_gmt":"2019-08-04T14:32:42","slug":"nathaly-mermet","status":"publish","type":"page","link":"https:\/\/animation-debat-conference.fr\/?page_id=617","title":{"rendered":"Nathaly Mermet"},"content":{"rendered":"<p><a href=\"http:\/\/www.animation-debat-conference.fr\/wp-content\/uploads\/2014\/05\/Nathaly-MERMET.jpg\"><img decoding=\"async\" loading=\"lazy\" class=\"alignleft  wp-image-618\" src=\"http:\/\/www.animation-debat-conference.fr\/wp-content\/uploads\/2014\/05\/Nathaly-MERMET.jpg\" alt=\"Nathaly-MERMET\" width=\"185\" height=\"311\" srcset=\"https:\/\/animation-debat-conference.fr\/wp-content\/uploads\/2014\/05\/Nathaly-MERMET.jpg 225w, https:\/\/animation-debat-conference.fr\/wp-content\/uploads\/2014\/05\/Nathaly-MERMET-178x300.jpg 178w\" sizes=\"(max-width: 185px) 100vw, 185px\" \/><\/a>Scientifique de formation (Docteur en Neurosciences) et journaliste \/ animatrice scientifique &amp; m\u00e9dicale de profession, <strong>Nathaly Mermet <\/strong>exerce une triple\u00a0activit\u00e9<\/p>\n<ul>\n<li>de r\u00e9dactrice scientifique (presse sp\u00e9cialis\u00e9e et g\u00e9n\u00e9raliste, reportages et publireportages, enqu\u00eates, dossiers techniques, webcontent, etc.)<\/li>\n<li>de journaliste \/ pr\u00e9sentatrice t\u00e9l\u00e9 (r\u00e9dactrice en chef de l&rsquo;\u00e9mission mensuelle <a href=\"http:\/\/tlm.tv\/replay\/actus-societe\/votre-sante\">Votre Sant\u00e9 sur TLM \/ Canal 30 de la TNT<\/a> et <a href=\"http:\/\/tlm.tv\">tlm.tv<\/a>)<\/li>\n<li>de consultante, (co-)organisatrice et animatrice d\u2019\u00e9v\u00e9nements (colloques, tables-rondes, s\u00e9minaires, etc.)<\/li>\n<\/ul>\n<p style=\"text-align: justify;\"><em>Apr\u00e8s une th\u00e8se en biologie \/ mention neurosciences, \u00a0\u00a0elle compl\u00e8te son cursus par le cycle national de formation de l\u2019Institut des Hautes Etudes pour la Science et la Technologie (<a title=\"IHEST\" href=\"http:\/\/www.ihest.fr\/\">IHEST<\/a>)\u00a0<\/em><em>en tant qu\u2019auditrice [<a title=\"Promotion IHEST 2011-2012\" href=\"http:\/\/www.ihest.fr\/les-formations\/le-cycle-national\/cycles-nationaux-precedents\/cycle-national-2011-2012\/auditeurs\/la-promotion-christiane-desroches\">Promotion Christiane Desroches Noblecourt<\/a><\/em>]<\/p>\n<p style=\"text-align: justify;\"><em>Nathaly est l\u2019auteur de <\/em><a title=\"L'Equation, 40 ans d'innovation \u00e0 Lyon 1\" href=\"http:\/\/patrimoine.glenatlivres.com\/livre\/equation-9782723482714.htm\"><strong>L\u2019\u00e9quation<\/strong>, 40 ans d\u2019innovation \u00e0 Lyon 1<\/a><em>, publi\u00e9 en 2011 aux\u00a0<em>Editions Gl\u00e9nat <\/em>\u00e0 l\u2019occasion de l<em>a c\u00e9l\u00e9bration des <\/em><em>quarante ans <\/em>de l\u2019universit\u00e9 Claude Bernard-Lyon 1 et du film <a href=\"https:\/\/youtu.be\/63oeprBkEzM\"><strong>Lyon, Ville Sant\u00e9<\/strong> <\/a>r\u00e9alis\u00e9 \u00e0 l\u2019occasion de Biovision pour la Fondation pour l\u2019Universit\u00e9 de Lyon<a href=\"http:\/\/www.expression-biotech.com\/?p=2243\"> (Voir\u2026)<\/a><\/em><\/p>\n<p>&nbsp;<\/p>\n<p style=\"text-align: justify;\">Nathaly se met aussi au service des laboratoires de recherche, entreprises, et p\u00f4les de comp\u00e9titivit\u00e9, des collectivit\u00e9s et administrations, des grandes \u00e9coles et universit\u00e9s, des fondations et associations (etc.) \u00e0 travers une structure souple, r\u00e9active et adaptable : <strong>Expression Sciences. <\/strong>Cette derni\u00e8re est \u00e0 m\u00eame de r\u00e9pondre \u00e0 des besoins, ponctuels ou r\u00e9guliers, au b\u00e9n\u00e9fice de la communication interne ou externe.<\/p>\n<p style=\"text-align: justify;\">A l\u2019\u00e9coute de ses clients, Nathaly est en mesure de mobiliser son r\u00e9seau de partenaires et collaborateurs afin de proposer une offre globale et modulable : prestations d\u2019animation, de conseil r\u00e9alisation d\u2019interview vid\u00e9o, cr\u00e9ation de sites internet et de contenus audio-visuels. Ses prestations sont adaptables \u00e0 des projets de nature et d\u2019envergure vari\u00e9es.<\/p>\n<p style=\"text-align: right;\">Voir la<em><strong> <a href=\"https:\/\/www.youtube.com\/results?search_query=expression+sciences+nathaly+mermet\" target=\"_blank\">Cha\u00eene YouTube Expression Sciences<\/a><\/strong><\/em><\/p>\n","protected":false},"excerpt":{"rendered":"<p>Scientifique de formation (Docteur en Neurosciences) et journaliste \/ animatrice scientifique &#038; m\u00e9dicale de profession, Nathaly Mermet exerce une triple activit\u00e9 : de r\u00e9dactrice scientifique (presse sp\u00e9cialis\u00e9e et g\u00e9n\u00e9raliste), de journaliste &#038; pr\u00e9sentatrice t\u00e9l\u00e9 et de consultante, (co-)organisatrice et animatrice d\u2019\u00e9v\u00e9nements (colloques, tables-rondes, s\u00e9minaires, etc.)<\/p>\n","protected":false},"author":2,"featured_media":0,"parent":2,"menu_order":0,"comment_status":"closed","ping_status":"open","template":"","meta":[],"_links":{"self":[{"href":"https:\/\/animation-debat-conference.fr\/index.php?rest_route=\/wp\/v2\/pages\/617"}],"collection":[{"href":"https:\/\/animation-debat-conference.fr\/index.php?rest_route=\/wp\/v2\/pages"}],"about":[{"href":"https:\/\/animation-debat-conference.fr\/index.php?rest_route=\/wp\/v2\/types\/page"}],"author":[{"embeddable":true,"href":"https:\/\/animation-debat-conference.fr\/index.php?rest_route=\/wp\/v2\/users\/2"}],"replies":[{"embeddable":true,"href":"https:\/\/animation-debat-conference.fr\/index.php?rest_route=%2Fwp%2Fv2%2Fcomments&post=617"}],"version-history":[{"count":5,"href":"https:\/\/animation-debat-conference.fr\/index.php?rest_route=\/wp\/v2\/pages\/617\/revisions"}],"predecessor-version":[{"id":1486,"href":"https:\/\/animation-debat-conference.fr\/index.php?rest_route=\/wp\/v2\/pages\/617\/revisions\/1486"}],"up":[{"embeddable":true,"href":"https:\/\/animation-debat-conference.fr\/index.php?rest_route=\/wp\/v2\/pages\/2"}],"wp:attachment":[{"href":"https:\/\/animation-debat-conference.fr\/index.php?rest_route=%2Fwp%2Fv2%2Fmedia&parent=617"}],"curies":[{"name":"wp","href":"https:\/\/api.w.org\/{rel}","templated":true}]}}

<p><a href="http://www.animation-debat-conference.fr/wp-content/uploads/2014/05/Nathaly-MERMET.jpg"><img decoding="async" loading="lazy" class="alignleft  wp-image-618" src="http://www.animation-debat-conference.fr/wp-content/uploads/2014/05/Nathaly-MERMET.jpg" alt="Nathaly-MERMET" width="185" height="311" srcset="https://animation-debat-conference.fr/wp-content/uploads/2014/05/Nathaly-MERMET.jpg 225w, https://animation-debat-conference.fr/wp-content/uploads/2014/05/Nathaly-MERMET-178x300.jpg 178w" sizes="(max-width: 185px) 100vw, 185px" /></a>Scientifique de formation (Docteur en Neurosciences) et journaliste / animatrice scientifique &amp; médicale de profession, <strong>Nathaly Mermet </strong>exerce une triple activité</p>
<ul>
<li>de rédactrice scientifique (presse spécialisée et généraliste, reportages et publireportages, enquêtes, dossiers techniques, webcontent, etc.)</li>
<li>de journaliste / présentatrice télé (rédactrice en chef de l&rsquo;émission mensuelle <a href="http://tlm.tv/replay/actus-societe/votre-sante">Votre Santé sur TLM / Canal 30 de la TNT</a> et <a href="http://tlm.tv">tlm.tv</a>)</li>
<li>de consultante, (co-)organisatrice et animatrice d’événements (colloques, tables-rondes, séminaires, etc.)</li>
</ul>
<p style="text-align: justify;"><em>Après une thèse en biologie / mention neurosciences,   elle complète son cursus par le cycle national de formation de l’Institut des Hautes Etudes pour la Science et la Technologie (<a title="IHEST" href="http://www.ihest.fr/">IHEST</a>) </em><em>en tant qu’auditrice [<a title="Promotion IHEST 2011-2012" href="http://www.ihest.fr/les-formations/le-cycle-national/cycles-nationaux-precedents/cycle-national-2011-2012/auditeurs/la-promotion-christiane-desroches">Promotion Christiane Desroches Noblecourt</a></em>]</p>
<p style="text-align: justify;"><em>Nathaly est l’auteur de </em><a title="L'Equation, 40 ans d'innovation à Lyon 1" href="http://patrimoine.glenatlivres.com/livre/equation-9782723482714.htm"><strong>L’équation</strong>, 40 ans d’innovation à Lyon 1</a><em>, publié en 2011 aux <em>Editions Glénat </em>à l’occasion de l<em>a célébration des </em><em>quarante ans </em>de l’université Claude Bernard-Lyon 1 et du film <a href="https://youtu.be/63oeprBkEzM"><strong>Lyon, Ville Santé</strong> </a>réalisé à l’occasion de Biovision pour la Fondation pour l’Université de Lyon<a href="http://www.expression-biotech.com/?p=2243"> (Voir…)</a></em></p>
<p>&nbsp;</p>
<p style="text-align: justify;">Nathaly se met aussi au service des laboratoires de recherche, entreprises, et pôles de compétitivité, des collectivités et administrations, des grandes écoles et universités, des fondations et associations (etc.) à travers une structure souple, réactive et adaptable : <strong>Expression Sciences. </strong>Cette dernière est à même de répondre à des besoins, ponctuels ou réguliers, au bénéfice de la communication interne ou externe.</p>
<p style="text-align: justify;">A l’écoute de ses clients, Nathaly est en mesure de mobiliser son réseau de partenaires et collaborateurs afin de proposer une offre globale et modulable : prestations d’animation, de conseil réalisation d’interview vidéo, création de sites internet et de contenus audio-visuels. Ses prestations sont adaptables à des projets de nature et d’envergure variées.</p>
<p style="text-align: right;">Voir la<em><strong> <a href="https://www.youtube.com/results?search_query=expression+sciences+nathaly+mermet" target="_blank">Chaîne YouTube Expression Sciences</a></strong></em></p>

<p>Scientifique de formation (Docteur en Neurosciences) et journaliste / animatrice scientifique &#038; médicale de profession, Nathaly Mermet exerce une triple activité : de rédactrice scientifique (presse spécialisée et généraliste), de journaliste &#038; présentatrice télé et de consultante, (co-)organisatrice et animatrice d’événements (colloques, tables-rondes, séminaires, etc.)</p>
