{"id":657,"date":"2014-05-31T05:24:54","date_gmt":"2014-05-31T03:24:54","guid":{"rendered":"http:\/\/www.animation-debat-conference.fr\/?page_id=657"},"modified":"2014-06-30T04:10:08","modified_gmt":"2014-06-30T02:10:08","slug":"biotech-environnementales","status":"publish","type":"page","link":"https:\/\/animation-debat-conference.fr\/?page_id=657","title":{"rendered":"Biotech. environnementales"},"content":{"rendered":"<h1 class=\"entry-title\" style=\"font-weight: 300; font-style: inherit;\"><\/h1>\n<h1 class=\"entry-header\" style=\"color: #2b2b2b;\"><a title=\"Biotech. environnementales\" href=\"http:\/\/www.expression-biotech.com\/?page_id=1176\">BIOTECH. JAUNES<\/a><a href=\"http:\/\/www.animation-debat-conference.fr\/wp-content\/uploads\/2014\/01\/microalgue.jpeg\"><img decoding=\"async\" loading=\"lazy\" class=\"alignright wp-image-371 size-thumbnail\" src=\"http:\/\/www.animation-debat-conference.fr\/wp-content\/uploads\/2014\/01\/microalgue-150x150.jpeg\" alt=\"d\u00e9pollution\" width=\"150\" height=\"150\" srcset=\"https:\/\/animation-debat-conference.fr\/wp-content\/uploads\/2014\/01\/microalgue-150x150.jpeg 150w, https:\/\/animation-debat-conference.fr\/wp-content\/uploads\/2014\/01\/microalgue-70x70.jpeg 70w\" sizes=\"(max-width: 150px) 100vw, 150px\" \/><\/a><\/h1>\n<p>&nbsp;<\/p>\n<div class=\"entry-content\" style=\"color: #2b2b2b;\">\n<h3 style=\"font-weight: inherit; font-style: inherit;\">Les biotechs dites \u00ab\u00a0jaunes\u00a0\u00bb font r\u00e9f\u00e9rence \u00e0 l\u2019<strong>\u00e9nergie<\/strong> et \u00e0 l\u2019<strong>environnement<\/strong>.<br \/>\nElles int\u00e8grent les<strong> Cleantech<\/strong> (technologies propres) et les <strong>Ecotech<\/strong> (technologies pour une \u00e9conomie de l\u2019\u00e9nergie).<\/h3>\n<h3 style=\"font-weight: inherit; font-style: inherit;\">Il peut s\u2019agir de <strong>phytorem\u00e9diation<\/strong> de produits toxiques ou de d\u00e9chets, de <strong>d\u00e9pollution<\/strong> des sols par des microorganismes (bact\u00e9ries, levures, etc.)<\/h3>\n<p>&nbsp;<\/p>\n<p>&nbsp;<\/p>\n<blockquote>\n<h3 style=\"font-weight: inherit; font-style: inherit; color: #747474; text-align: center;\"><span style=\"color: #000000;\"><strong>Retrouvez toutes les\u00a0<a style=\"color: #333333;\" href=\"http:\/\/www.expression-biotech.com\/?page_id=1176\"><span style=\"color: #000000;\">Biotech. environnementales\u00a0sur Expression Biotech<\/span><\/a><\/strong><\/span><\/h3>\n<h3 style=\"font-weight: inherit; font-style: inherit; color: #747474; text-align: center;\"><span style=\"color: #000000;\"><em>\u00a0\u00a0\u00bb Tout le spectre des biotechnologies \u00e0 travers le prisme de Expression Biotech\u00a0\u00bb<\/em><\/span><\/h3>\n<\/blockquote>\n<\/div>\n","protected":false},"excerpt":{"rendered":"<p>BIOTECH. JAUNES &nbsp; Les biotechs dites \u00ab\u00a0jaunes\u00a0\u00bb font r\u00e9f\u00e9rence \u00e0 l\u2019\u00e9nergie et \u00e0 l\u2019environnement. Elles int\u00e8grent les Cleantech (technologies propres) et les Ecotech (technologies pour une \u00e9conomie de l\u2019\u00e9nergie). Il peut s\u2019agir de phytorem\u00e9diation de produits toxiques ou de d\u00e9chets, de d\u00e9pollution des sols par des microorganismes (bact\u00e9ries, levures, etc.) &nbsp; &nbsp; Retrouvez toutes les\u00a0Biotech. [&hellip;]<\/p>\n","protected":false},"author":1,"featured_media":0,"parent":391,"menu_order":1,"comment_status":"closed","ping_status":"open","template":"","meta":[],"_links":{"self":[{"href":"https:\/\/animation-debat-conference.fr\/index.php?rest_route=\/wp\/v2\/pages\/657"}],"collection":[{"href":"https:\/\/animation-debat-conference.fr\/index.php?rest_route=\/wp\/v2\/pages"}],"about":[{"href":"https:\/\/animation-debat-conference.fr\/index.php?rest_route=\/wp\/v2\/types\/page"}],"author":[{"embeddable":true,"href":"https:\/\/animation-debat-conference.fr\/index.php?rest_route=\/wp\/v2\/users\/1"}],"replies":[{"embeddable":true,"href":"https:\/\/animation-debat-conference.fr\/index.php?rest_route=%2Fwp%2Fv2%2Fcomments&post=657"}],"version-history":[{"count":7,"href":"https:\/\/animation-debat-conference.fr\/index.php?rest_route=\/wp\/v2\/pages\/657\/revisions"}],"predecessor-version":[{"id":796,"href":"https:\/\/animation-debat-conference.fr\/index.php?rest_route=\/wp\/v2\/pages\/657\/revisions\/796"}],"up":[{"embeddable":true,"href":"https:\/\/animation-debat-conference.fr\/index.php?rest_route=\/wp\/v2\/pages\/391"}],"wp:attachment":[{"href":"https:\/\/animation-debat-conference.fr\/index.php?rest_route=%2Fwp%2Fv2%2Fmedia&parent=657"}],"curies":[{"name":"wp","href":"https:\/\/api.w.org\/{rel}","templated":true}]}}

<h1 class="entry-title" style="font-weight: 300; font-style: inherit;"></h1>
<h1 class="entry-header" style="color: #2b2b2b;"><a title="Biotech. environnementales" href="http://www.expression-biotech.com/?page_id=1176">BIOTECH. JAUNES</a><a href="http://www.animation-debat-conference.fr/wp-content/uploads/2014/01/microalgue.jpeg"><img decoding="async" loading="lazy" class="alignright wp-image-371 size-thumbnail" src="http://www.animation-debat-conference.fr/wp-content/uploads/2014/01/microalgue-150x150.jpeg" alt="dépollution" width="150" height="150" srcset="https://animation-debat-conference.fr/wp-content/uploads/2014/01/microalgue-150x150.jpeg 150w, https://animation-debat-conference.fr/wp-content/uploads/2014/01/microalgue-70x70.jpeg 70w" sizes="(max-width: 150px) 100vw, 150px" /></a></h1>
<p>&nbsp;</p>
<div class="entry-content" style="color: #2b2b2b;">
<h3 style="font-weight: inherit; font-style: inherit;">Les biotechs dites « jaunes » font référence à l’<strong>énergie</strong> et à l’<strong>environnement</strong>.<br />
Elles intègrent les<strong> Cleantech</strong> (technologies propres) et les <strong>Ecotech</strong> (technologies pour une économie de l’énergie).</h3>
<h3 style="font-weight: inherit; font-style: inherit;">Il peut s’agir de <strong>phytoremédiation</strong> de produits toxiques ou de déchets, de <strong>dépollution</strong> des sols par des microorganismes (bactéries, levures, etc.)</h3>
<p>&nbsp;</p>
<p>&nbsp;</p>
<blockquote>
<h3 style="font-weight: inherit; font-style: inherit; color: #747474; text-align: center;"><span style="color: #000000;"><strong>Retrouvez toutes les <a style="color: #333333;" href="http://www.expression-biotech.com/?page_id=1176"><span style="color: #000000;">Biotech. environnementales sur Expression Biotech</span></a></strong></span></h3>
<h3 style="font-weight: inherit; font-style: inherit; color: #747474; text-align: center;"><span style="color: #000000;"><em>  » Tout le spectre des biotechnologies à travers le prisme de Expression Biotech »</em></span></h3>
</blockquote>
</div>

<p>BIOTECH. JAUNES &nbsp; Les biotechs dites « jaunes » font référence à l’énergie et à l’environnement. Elles intègrent les Cleantech (technologies propres) et les Ecotech (technologies pour une économie de l’énergie). Il peut s’agir de phytoremédiation de produits toxiques ou de déchets, de dépollution des sols par des microorganismes (bactéries, levures, etc.) &nbsp; &nbsp; Retrouvez toutes les Biotech. [&hellip;]</p>
