{"id":716,"date":"2014-06-09T18:16:07","date_gmt":"2014-06-09T16:16:07","guid":{"rendered":"http:\/\/www.animation-debat-conference.fr\/?page_id=716"},"modified":"2015-06-13T02:08:14","modified_gmt":"2015-06-13T00:08:14","slug":"des-references-nombreuses","status":"publish","type":"page","link":"https:\/\/animation-debat-conference.fr\/?page_id=716","title":{"rendered":"Des r\u00e9f\u00e9rences nombreuses"},"content":{"rendered":"<ul>\n<li>Animation des tables-rondes \u00e0 l&rsquo;occasion de la <strong>2\u00b0 journ\u00e9e de Rencontres sur la Recherche Translationnelle &#8211; Mardi 23 octobre 2012 &#8211; <\/strong>Groupe Hospitalier Lyon Sud\u00a0 \/Amphith\u00e9\u00e2tre du Pavillon M\u00e9dical du CHU<\/li>\n<\/ul>\n<p style=\"text-align: right;\">\u00a0<a href=\"http:\/\/webcast.in2p3.fr\/events-JRRT2012\" target=\"_blank\">http:\/\/webcast.in2p3.fr\/events-JRRT2012<\/a><\/p>\n<ul>\n<li>Animation de la soir\u00e9e des 20 ans de la Fondation Caisse d\u2019Epargne Rh\u00f4ne-Alpes Lyon pour la Recherche M\u00e9dicale sur le th\u00e8me du vieillissement c\u00e9r\u00e9bral et du handicap neurologique, en collaboration avec l\u2019agence de communication Trait d\u2019Union<\/li>\n<\/ul>\n<p><a href=\"http:\/\/animation-debat-conference.fr\/wp-content\/uploads\/2012\/11\/Pr\u00e9sentation-Coup-de-coeur-FINALE1.ppt\">Pr\u00e9sentation Coup de coeur FINALE<\/a><\/p>\n<p><a href=\"http:\/\/animation-debat-conference.fr\/wp-content\/uploads\/2012\/11\/Invit-Soir\u00e9e-Coup-de-coeur-CERAL1.pdf\">Invit Soir\u00e9e Coup de coeur &#8211; CERAL<\/a><\/p>\n<p>&nbsp;<\/p>\n<ul>\n<li>Animation des Caf\u00e9s scientifiques de l\u2019Association Mille et Une Sciences co-fond\u00e9e en 1998 par Pablo Jensen, Patrice Berger, Matt\u00e9o Notta et Nathaly Mermet<\/li>\n<\/ul>\n<p>&nbsp;<\/p>\n<ul>\n<li>Animation de la Soir\u00e9e Alzheimer au b\u00e9n\u00e9fice de l&rsquo;association D\u00e9cines Sant\u00e9 +<\/li>\n<\/ul>\n<p>&nbsp;<\/p>\n<ul>\n<li>Animation de la journ\u00e9e anniversaire du Laboratoire de Tribologie et Dynamique des Syst\u00e8mes (LTDS) \/ Ecole Centrale de Lyon (ECL)<\/li>\n<\/ul>\n<p><a href=\"http:\/\/animation-debat-conference.fr\/wp-content\/uploads\/2012\/11\/AXE1-caricatures.pdf\">Journ\u00e9es LTDS &#8211; AXE1 &#8211; caricatures<\/a><\/p>\n<p><a href=\"http:\/\/animation-debat-conference.fr\/wp-content\/uploads\/2012\/11\/AXE2-caricatures.pdf\">Journ\u00e9e LTDS &#8211; AXE2 &#8211; caricatures<\/a><\/p>\n<p><a href=\"http:\/\/animation-debat-conference.fr\/wp-content\/uploads\/2012\/11\/AXE3-caricatures.pdf\">Journ\u00e9e LTDS &#8211; AXE3 &#8211; caricatures<\/a><\/p>\n<p>&nbsp;<\/p>\n<ul>\n<li>Animation de la soir\u00e9e 50 ans de tribologie \u00e0 l&rsquo;INSA an collaboration avec le Laboratoire de Tribologie \/ INSA de Lyon<\/li>\n<\/ul>\n<p><a href=\"http:\/\/animation-debat-conference.fr\/wp-content\/uploads\/2012\/11\/INSA-50-ans-Tribologie-Programme-11oct2012.doc\">INSA &#8211; 50 ans Tribologie &#8211; Programme 11oct2012<\/a><\/p>\n<p>&nbsp;<\/p>\n<ul>\n<li>Pr\u00e9paration et animation\u00a0de la soir\u00e9e<strong style=\"line-height: 1.5;\"> OCP \u2013 Club des Sp\u00e9cialistes<\/strong><em>\u00ab\u00a0Prise en charge du patient canc\u00e9reux \u00e0 l\u2019officine \u2013 Du traitement \u00e0 l\u2019aspect psychologique\u00a0\u00bb<\/em>\n<p>Le Jeudi 15 mai 2008 d\u00e8s 20h \u00e0 l&rsquo;Abbaye de Collonges \u2013 Paul Bocuse<\/li>\n<\/ul>\n","protected":false},"excerpt":{"rendered":"<p>Animation des tables-rondes \u00e0 l&rsquo;occasion de la 2\u00b0 journ\u00e9e de Rencontres sur la Recherche Translationnelle &#8211; Mardi 23 octobre 2012 &#8211; Groupe Hospitalier Lyon Sud\u00a0 \/Amphith\u00e9\u00e2tre du Pavillon M\u00e9dical du CHU \u00a0http:\/\/webcast.in2p3.fr\/events-JRRT2012 Animation de la soir\u00e9e des 20 ans de la Fondation Caisse d\u2019Epargne Rh\u00f4ne-Alpes Lyon pour la Recherche M\u00e9dicale sur le th\u00e8me du vieillissement [&hellip;]<\/p>\n","protected":false},"author":1,"featured_media":0,"parent":620,"menu_order":0,"comment_status":"closed","ping_status":"open","template":"","meta":[],"_links":{"self":[{"href":"https:\/\/animation-debat-conference.fr\/index.php?rest_route=\/wp\/v2\/pages\/716"}],"collection":[{"href":"https:\/\/animation-debat-conference.fr\/index.php?rest_route=\/wp\/v2\/pages"}],"about":[{"href":"https:\/\/animation-debat-conference.fr\/index.php?rest_route=\/wp\/v2\/types\/page"}],"author":[{"embeddable":true,"href":"https:\/\/animation-debat-conference.fr\/index.php?rest_route=\/wp\/v2\/users\/1"}],"replies":[{"embeddable":true,"href":"https:\/\/animation-debat-conference.fr\/index.php?rest_route=%2Fwp%2Fv2%2Fcomments&post=716"}],"version-history":[{"count":6,"href":"https:\/\/animation-debat-conference.fr\/index.php?rest_route=\/wp\/v2\/pages\/716\/revisions"}],"predecessor-version":[{"id":1057,"href":"https:\/\/animation-debat-conference.fr\/index.php?rest_route=\/wp\/v2\/pages\/716\/revisions\/1057"}],"up":[{"embeddable":true,"href":"https:\/\/animation-debat-conference.fr\/index.php?rest_route=\/wp\/v2\/pages\/620"}],"wp:attachment":[{"href":"https:\/\/animation-debat-conference.fr\/index.php?rest_route=%2Fwp%2Fv2%2Fmedia&parent=716"}],"curies":[{"name":"wp","href":"https:\/\/api.w.org\/{rel}","templated":true}]}}

Des références nombreuses

<ul>
<li>Animation des tables-rondes à l&rsquo;occasion de la <strong>2° journée de Rencontres sur la Recherche Translationnelle &#8211; Mardi 23 octobre 2012 &#8211; </strong>Groupe Hospitalier Lyon Sud  /Amphithéâtre du Pavillon Médical du CHU</li>
</ul>
<p style="text-align: right;"> <a href="http://webcast.in2p3.fr/events-JRRT2012" target="_blank">http://webcast.in2p3.fr/events-JRRT2012</a></p>
<ul>
<li>Animation de la soirée des 20 ans de la Fondation Caisse d’Epargne Rhône-Alpes Lyon pour la Recherche Médicale sur le thème du vieillissement cérébral et du handicap neurologique, en collaboration avec l’agence de communication Trait d’Union</li>
</ul>
<p><a href="http://animation-debat-conference.fr/wp-content/uploads/2012/11/Présentation-Coup-de-coeur-FINALE1.ppt">Présentation Coup de coeur FINALE</a></p>
<p><a href="http://animation-debat-conference.fr/wp-content/uploads/2012/11/Invit-Soirée-Coup-de-coeur-CERAL1.pdf">Invit Soirée Coup de coeur &#8211; CERAL</a></p>
<p>&nbsp;</p>
<ul>
<li>Animation des Cafés scientifiques de l’Association Mille et Une Sciences co-fondée en 1998 par Pablo Jensen, Patrice Berger, Mattéo Notta et Nathaly Mermet</li>
</ul>
<p>&nbsp;</p>
<ul>
<li>Animation de la Soirée Alzheimer au bénéfice de l&rsquo;association Décines Santé +</li>
</ul>
<p>&nbsp;</p>
<ul>
<li>Animation de la journée anniversaire du Laboratoire de Tribologie et Dynamique des Systèmes (LTDS) / Ecole Centrale de Lyon (ECL)</li>
</ul>
<p><a href="http://animation-debat-conference.fr/wp-content/uploads/2012/11/AXE1-caricatures.pdf">Journées LTDS &#8211; AXE1 &#8211; caricatures</a></p>
<p><a href="http://animation-debat-conference.fr/wp-content/uploads/2012/11/AXE2-caricatures.pdf">Journée LTDS &#8211; AXE2 &#8211; caricatures</a></p>
<p><a href="http://animation-debat-conference.fr/wp-content/uploads/2012/11/AXE3-caricatures.pdf">Journée LTDS &#8211; AXE3 &#8211; caricatures</a></p>
<p>&nbsp;</p>
<ul>
<li>Animation de la soirée 50 ans de tribologie à l&rsquo;INSA an collaboration avec le Laboratoire de Tribologie / INSA de Lyon</li>
</ul>
<p><a href="http://animation-debat-conference.fr/wp-content/uploads/2012/11/INSA-50-ans-Tribologie-Programme-11oct2012.doc">INSA &#8211; 50 ans Tribologie &#8211; Programme 11oct2012</a></p>
<p>&nbsp;</p>
<ul>
<li>Préparation et animation de la soirée<strong style="line-height: 1.5;"> OCP – Club des Spécialistes</strong><em>« Prise en charge du patient cancéreux à l’officine – Du traitement à l’aspect psychologique »</em>
<p>Le Jeudi 15 mai 2008 dès 20h à l&rsquo;Abbaye de Collonges – Paul Bocuse</li>
</ul>

<p>Animation des tables-rondes à l&rsquo;occasion de la 2° journée de Rencontres sur la Recherche Translationnelle &#8211; Mardi 23 octobre 2012 &#8211; Groupe Hospitalier Lyon Sud  /Amphithéâtre du Pavillon Médical du CHU  http://webcast.in2p3.fr/events-JRRT2012 Animation de la soirée des 20 ans de la Fondation Caisse d’Epargne Rhône-Alpes Lyon pour la Recherche Médicale sur le thème du vieillissement [&hellip;]</p>
