{"id":723,"date":"2014-06-09T18:39:12","date_gmt":"2014-06-09T16:39:12","guid":{"rendered":"http:\/\/www.animation-debat-conference.fr\/?page_id=723"},"modified":"2016-08-04T14:23:47","modified_gmt":"2016-08-04T12:23:47","slug":"articles-de-presse","status":"publish","type":"page","link":"https:\/\/animation-debat-conference.fr\/?page_id=723","title":{"rendered":"Articles de presse"},"content":{"rendered":"<p>Les supports m\u00e9dias sont nombreux et il s&rsquo;agit pour le journaliste de s&rsquo;adapter \u00e0 la ligne \u00e9ditoriale de chacun.<\/p>\n<p style=\"text-align: left;\">Nathaly collabore depuis plus de 10 ans pour de nombreuses revues sp\u00e9cialis\u00e9es (scientifiques, m\u00e9dicales, techniques) ainsi que pour des supports g\u00e9n\u00e9ralistes (journaux et magazines grand public)<\/p>\n<p>&nbsp;<\/p>\n<p>Les formats sont vari\u00e9s et il s&rsquo;agit pour le journaliste d&rsquo;adapter son \u00e9criture et son style au produit attendu<\/p>\n<p style=\"text-align: left;\">Nathaly a r\u00e9alis\u00e9 tous les types d&rsquo;exercice : depuis le \u00ab\u00a0portrait\u00a0\u00bb (demandant une r\u00e9elle compr\u00e9hension, une grande proximit\u00e9, voir une certaine intimit\u00e9, avec l&rsquo;interlocuteur) au reportage de terrain (en laboratoire, \u00e0 h\u00f4pital, en entreprise, \u00e0 l&rsquo;\u00e9tranger) en passant par les br\u00e8ves d&rsquo;actualit\u00e9 et les formats p\u00e9dagogiques courts.<\/p>\n<p style=\"text-align: left;\"><strong>Quelques exemples :<\/strong><\/p>\n<p style=\"text-align: left;\"><em><strong>Pour Acteurs de l&rsquo;Economie<\/strong><\/em><\/p>\n<p style=\"text-align: left;\">&#8211; <a href=\"http:\/\/acteursdeleconomie.latribune.fr\/strategie\/sante\/2016-06-29\/nanotechnologies-mathym-prepare-sa-2e-levee-de-fonds-en-septembre.html\">Portrait de la soci\u00e9t\u00e9 de nanotechnologies MATHYM<\/a>, le 29\/06\/16<\/p>\n<p style=\"text-align: left;\">&#8211; <a href=\"http:\/\/acteursdeleconomie.latribune.fr\/debats\/grands-entretiens\/2016-04-14\/biovision-biotechs-et-medtechs-echappent-au-risque-de-bulle.html\">Interview exclusive de Christophe Dercamp, Directeur G\u00e9n\u00e9ral de Biovision<\/a> &#8211; Bilan Biovision 2016 : un cr\u00fb prospectif et \u00e9conomique. Le 14\/04\/16<\/p>\n<p style=\"text-align: left;\">&#8211; <a href=\"http:\/\/acteursdeleconomie.latribune.fr\/strategie\/sante\/2016-07-18\/sanofi-pasteur-msd-un-nouveau-vaccin-aux-multiples-enjeux.html#xtor=EREC-32280591-[newsletter_acteurs_economie]-20160718\">Reportage :Visite presse Sanofi Pasteur MSD<\/a> &#8211; Fabrication du vaccin hexavalent Hexyon. Le 18\/07\/16<\/p>\n<p style=\"text-align: left;\">&#8211; <a href=\"http:\/\/acteursdeleconomie.latribune.fr\/strategie\/sante\/2016-07-19\/divorce-sanofi-pasteur-msd-l-approvisionnement-des-vaccins-sera-garanti.html\">Actualit\u00e9 : divorce Sanofi Pasteur \/ MSD<\/a>. Le 19\/07\/16<\/p>\n<p style=\"text-align: left;\">&#8211; A<a href=\"http:\/\/acteursdeleconomie.latribune.fr\/strategie\/sante\/2016-05-13\/comment-le-laboratoire-aguettant-se-renforce-pour-l-international.html\">nalyse : Comment le laboratoire Aguettant se renforce \u00e0 l&rsquo;international.<\/a> Le 13\/05\/2016<\/p>\n","protected":false},"excerpt":{"rendered":"<p>Les supports m\u00e9dias sont nombreux et il s&rsquo;agit pour le journaliste de s&rsquo;adapter \u00e0 la ligne \u00e9ditoriale de chacun. Nathaly collabore depuis plus de 10 ans pour de nombreuses revues sp\u00e9cialis\u00e9es (scientifiques, m\u00e9dicales, techniques) ainsi que pour des supports g\u00e9n\u00e9ralistes (journaux et magazines grand public) &nbsp; Les formats sont vari\u00e9s et il s&rsquo;agit pour le [&hellip;]<\/p>\n","protected":false},"author":1,"featured_media":0,"parent":0,"menu_order":0,"comment_status":"closed","ping_status":"open","template":"","meta":[],"_links":{"self":[{"href":"https:\/\/animation-debat-conference.fr\/index.php?rest_route=\/wp\/v2\/pages\/723"}],"collection":[{"href":"https:\/\/animation-debat-conference.fr\/index.php?rest_route=\/wp\/v2\/pages"}],"about":[{"href":"https:\/\/animation-debat-conference.fr\/index.php?rest_route=\/wp\/v2\/types\/page"}],"author":[{"embeddable":true,"href":"https:\/\/animation-debat-conference.fr\/index.php?rest_route=\/wp\/v2\/users\/1"}],"replies":[{"embeddable":true,"href":"https:\/\/animation-debat-conference.fr\/index.php?rest_route=%2Fwp%2Fv2%2Fcomments&post=723"}],"version-history":[{"count":6,"href":"https:\/\/animation-debat-conference.fr\/index.php?rest_route=\/wp\/v2\/pages\/723\/revisions"}],"predecessor-version":[{"id":1105,"href":"https:\/\/animation-debat-conference.fr\/index.php?rest_route=\/wp\/v2\/pages\/723\/revisions\/1105"}],"wp:attachment":[{"href":"https:\/\/animation-debat-conference.fr\/index.php?rest_route=%2Fwp%2Fv2%2Fmedia&parent=723"}],"curies":[{"name":"wp","href":"https:\/\/api.w.org\/{rel}","templated":true}]}}