{"id":815,"date":"2014-09-20T01:39:31","date_gmt":"2014-09-19T23:39:31","guid":{"rendered":"http:\/\/www.animation-debat-conference.fr\/?page_id=815"},"modified":"2014-11-30T14:12:09","modified_gmt":"2014-11-30T13:12:09","slug":"tribune-de-la-sante-cancer-pourra-t-on-tous-guerir-un-jour","status":"publish","type":"page","link":"https:\/\/animation-debat-conference.fr\/?page_id=815","title":{"rendered":"Tribune de la Sant\u00e9 \u00ab\u00a0Cancer: pourra-t-on tous gu\u00e9rir un jour?\u00a0\u00bb, 21-10-2013"},"content":{"rendered":"<div id=\"attachment_338\" style=\"width: 410px\" class=\"wp-caption alignleft\"><a href=\"http:\/\/www.animation-debat-conference.fr\/wp-content\/uploads\/2012\/09\/photo.jpg\"><img aria-describedby=\"caption-attachment-338\" decoding=\"async\" loading=\"lazy\" class=\"wp-image-338\" title=\"animation-tribune-sante-cancer\" src=\"http:\/\/www.animation-debat-conference.fr\/wp-content\/uploads\/2012\/09\/photo-300x224.jpg\" alt=\"animation table-ronde cancer\" width=\"400\" height=\"299\" srcset=\"https:\/\/animation-debat-conference.fr\/wp-content\/uploads\/2012\/09\/photo-300x224.jpg 300w, https:\/\/animation-debat-conference.fr\/wp-content\/uploads\/2012\/09\/photo-1024x764.jpg 1024w, https:\/\/animation-debat-conference.fr\/wp-content\/uploads\/2012\/09\/photo-100x75.jpg 100w\" sizes=\"(max-width: 400px) 100vw, 400px\" \/><\/a><p id=\"caption-attachment-338\" class=\"wp-caption-text\">Tribune Sant\u00e9 \u00ab\u00a0Cancer\u00a0\u00bb au Mus\u00e9e des Beaux-Arts de Lyon, \u00e0 l&rsquo;occasion de la sortie du Guide Sant\u00e9 2013 de Tribune de Lyon.<\/p><\/div>\n<p><a title=\"Tribune de la Sant\u00e9 21-10-2013\" href=\"http:\/\/www.tribunedelyon.fr\/?videos\/40639-conference-debat-le-cancer-pourra-t-on-tous-guerir-un-jour-\">Voir la vid\u00e9o sur le site de Tribune de Lyon<\/a><\/p>\n<h1><\/h1>\n<p>&nbsp;<\/p>\n<p>&nbsp;<\/p>\n<h1 style=\"text-align: center;\"><\/h1>\n<h1 style=\"text-align: center;\"><\/h1>\n<h1 style=\"text-align: center;\"><\/h1>\n<h4 style=\"text-align: center;\">A l&rsquo;occasion de la sortie du seul guide pratique consacr\u00e9 \u00e0 la sant\u00e9 dans la r\u00e9gion lyonnaise (Journaliste R\u00e9dactrice: Nathaly Mermet) TRIBUNE DE LYON a organis\u00e9 une grande conf\u00e9rence visant \u00e0 recenser les derni\u00e8res innovations en mati\u00e8re de traitement contre les cancers.<\/h4>\n<blockquote>\n<h4 style=\"text-align: center;\"><\/h4>\n<h4 style=\"text-align: center;\"><\/h4>\n<h4 style=\"text-align: center;\"><\/h4>\n<\/blockquote>\n<h4 style=\"text-align: center;\">Cette<b><strong> Tribune de la Sant\u00e9 s&rsquo;est tenue\u00a0le 21 octobre 2013 au Mus\u00e9e des Beaux Arts et\u00a0<\/strong><\/b>avait pour th\u00e8me<\/h4>\n<h3 style=\"text-align: center;\"><b><strong>Cancer : gu\u00e9rira t-on tous et dans combien de temps\u00a0?<\/strong><\/b><\/h3>\n<h3 style=\"text-align: center;\"><b><strong>&#8211; Zoom sur les derni\u00e8res innovations les plus prometteuses &#8211;<\/strong><\/b><\/h3>\n<p>&nbsp;<\/p>\n<p>Un excellent casting d&rsquo;intervenants pour d\u00e9battre et \u00e9changer avec un public captiv\u00e9 et participatif :<\/p>\n<blockquote><p><b><strong>Le Pr V\u00e9ronique Trillet-Lenoir<\/strong><\/b><br \/>\nProfesseur de canc\u00e9rologie au CHU de Lyon. Pr\u00e9sidente du comit\u00e9 de direction du\u00a0Canc\u00e9rop\u00f4le Lyon Rh\u00f4ne-Alpes Auvergne (CLARA).<br \/>\n<b><strong><br \/>\nLe Dr Sophie Chappuis<\/strong><\/b><br \/>\nDocteur \u00e8s Sciences, Co-fondatrice et dirigeante de la start-up Caviskills.<br \/>\n<b><strong><br \/>\nLe Dr Aur\u00e9lien Marabelle<\/strong><\/b><br \/>\nP\u00e9diatre oncologue,\u00a0 m\u00e9decin au Centre L\u00e9on B\u00e9rard (CLB) \/ Institut d\u2019h\u00e9matologie et\u00a0d\u2019oncologie p\u00e9diatrique et chercheur au sein de l&rsquo;Institut de Canc\u00e9rologie.<br \/>\n<b><strong><br \/>\nLe Dr Pascale Romestaing<\/strong><\/b><br \/>\nOncologue, radioth\u00e9rapeute \u00e0 l&rsquo;H\u00f4pital Priv\u00e9 Jean Mermoz et \u00e0 la CLinique CHarcot. Vice pr\u00e9sidente de Europa Donna France (association militante qui informe, rassemble\u00a0et soutient les femmes dans la lutte contre le cancer du sein)<\/p><\/blockquote>\n<p style=\"text-align: center;\">Table ronde anim\u00e9e par\u00a0<b><strong>Nathaly Mermet<\/strong><\/b>\u00a0journaliste scientifique et m\u00e9dicale, docteur en neurosciences<\/p>\n<p>R\u00e9sum\u00e9<\/p>\n<p><b><strong>\u00ab\u00a0Le bon traitement pour le bon patient au bon moment\u00a0\u00bb<\/strong><\/b> sera de toute \u00e9vidence le leitmotiv de ces prochaines d\u00e9cennies en mati\u00e8re de prise en charge du cancer. La <b><strong>m\u00e9decine personnalis\u00e9e<\/strong><\/b> est en effet d\u00e9sormais l\u2019approche qui se g\u00e9n\u00e9ralise, gr\u00e2ce \u00e0 une meilleure connaissance des <b><strong>m\u00e9canismes<\/strong><\/b> du cancer, un <b><strong>diagnostic<\/strong><\/b> de plus en plus pr\u00e9cis coupl\u00e9 de plus en plus au <b><strong>\u00ab\u00a0diagnostic immunitaire\u00a0<\/strong><\/b>\u00bb du patient, qui permet d\u2019adapter pour chacun la meilleure strat\u00e9gie th\u00e9rapeutique.<\/p>\n<p>Le titre tr\u00e8s ambitieux donn\u00e9 \u00e0 la soir\u00e9e\u00a0 ne permettait pas de r\u00e9pondre par oui ou non\u00e0 la fin de nos 2h de d\u00e9bat\u00a0!<\/p>\n<p>En revanche avec nos 4 intervenants nous avons pu parl\u00e9 des avanc\u00e9es et des innovations dans le domaine de la recherche pour lutter contre les cancers, de l\u2019\u00e9volution de leur prise en charge et aussi de comment aujourd\u2019hui VIVRE AVEC un cancer lorsqu\u2019il devient une maladie chronique.<\/p>\n<p>Notre fil rouge \u00e9tait de comprendre comment les avanc\u00e9es scientifiques b\u00e9n\u00e9ficient <em>in fine<\/em> \u00ab\u00a0au bout de la cha\u00eene\u00a0\u00bb au patient, et distinguer les \u00ab\u00a0vrais espoirs\u00a0 de demain \u00bb et les prospectives \u00e0 tr\u00e8s long terme (se m\u00e9fier des promesses et des extrapolations des m\u00e9dias qui recherchent parfois les effets d\u2019annonce\u2026)<\/p>\n<p>Une rencontre avant tout pour <b><strong>r<\/strong><\/b><b><strong>\u00e9pondre aux nombreuses questions du public<\/strong><\/b><\/p>\n<p>Objectifs de la soir\u00e9e-d\u00e9bat\u00a0:<\/p>\n<p>Mieux comprendre quelles innovations technologiques et m\u00e9dicales vont r\u00e9volutionner la prise en charge des cancers ces 20 prochaines ann\u00e9es<\/p>\n<p>Mieux conna\u00eetre qui sont les entreprises sur le territoire leaders en terme d&rsquo;innovation dans le domaine de la canc\u00e9rologie<\/p>\n<p>Mieux saisir comment s\u2019articulent r\u00e9seaux de recherche, de soins, d\u2019accompagnement, de suivi (et.) et comment les innovations scientifiques sont transf\u00e9r\u00e9es au b\u00e9n\u00e9fice du patient<\/p>\n","protected":false},"excerpt":{"rendered":"<p>Voir la vid\u00e9o sur le site de Tribune de Lyon &nbsp; &nbsp; A l&rsquo;occasion de la sortie du seul guide pratique consacr\u00e9 \u00e0 la sant\u00e9 dans la r\u00e9gion lyonnaise (Journaliste R\u00e9dactrice: Nathaly Mermet) TRIBUNE DE LYON a organis\u00e9 une grande conf\u00e9rence visant \u00e0 recenser les derni\u00e8res innovations en mati\u00e8re de traitement contre les cancers. Cette [&hellip;]<\/p>\n","protected":false},"author":1,"featured_media":0,"parent":716,"menu_order":0,"comment_status":"closed","ping_status":"open","template":"","meta":[],"_links":{"self":[{"href":"https:\/\/animation-debat-conference.fr\/index.php?rest_route=\/wp\/v2\/pages\/815"}],"collection":[{"href":"https:\/\/animation-debat-conference.fr\/index.php?rest_route=\/wp\/v2\/pages"}],"about":[{"href":"https:\/\/animation-debat-conference.fr\/index.php?rest_route=\/wp\/v2\/types\/page"}],"author":[{"embeddable":true,"href":"https:\/\/animation-debat-conference.fr\/index.php?rest_route=\/wp\/v2\/users\/1"}],"replies":[{"embeddable":true,"href":"https:\/\/animation-debat-conference.fr\/index.php?rest_route=%2Fwp%2Fv2%2Fcomments&post=815"}],"version-history":[{"count":9,"href":"https:\/\/animation-debat-conference.fr\/index.php?rest_route=\/wp\/v2\/pages\/815\/revisions"}],"predecessor-version":[{"id":961,"href":"https:\/\/animation-debat-conference.fr\/index.php?rest_route=\/wp\/v2\/pages\/815\/revisions\/961"}],"up":[{"embeddable":true,"href":"https:\/\/animation-debat-conference.fr\/index.php?rest_route=\/wp\/v2\/pages\/716"}],"wp:attachment":[{"href":"https:\/\/animation-debat-conference.fr\/index.php?rest_route=%2Fwp%2Fv2%2Fmedia&parent=815"}],"curies":[{"name":"wp","href":"https:\/\/api.w.org\/{rel}","templated":true}]}}

Tribune de la Santé « Cancer: pourra-t-on tous guérir un jour? », 21-10-2013

<div id="attachment_338" style="width: 410px" class="wp-caption alignleft"><a href="http://www.animation-debat-conference.fr/wp-content/uploads/2012/09/photo.jpg"><img aria-describedby="caption-attachment-338" decoding="async" loading="lazy" class="wp-image-338" title="animation-tribune-sante-cancer" src="http://www.animation-debat-conference.fr/wp-content/uploads/2012/09/photo-300x224.jpg" alt="animation table-ronde cancer" width="400" height="299" srcset="https://animation-debat-conference.fr/wp-content/uploads/2012/09/photo-300x224.jpg 300w, https://animation-debat-conference.fr/wp-content/uploads/2012/09/photo-1024x764.jpg 1024w, https://animation-debat-conference.fr/wp-content/uploads/2012/09/photo-100x75.jpg 100w" sizes="(max-width: 400px) 100vw, 400px" /></a><p id="caption-attachment-338" class="wp-caption-text">Tribune Santé « Cancer » au Musée des Beaux-Arts de Lyon, à l&rsquo;occasion de la sortie du Guide Santé 2013 de Tribune de Lyon.</p></div>
<p><a title="Tribune de la Santé 21-10-2013" href="http://www.tribunedelyon.fr/?videos/40639-conference-debat-le-cancer-pourra-t-on-tous-guerir-un-jour-">Voir la vidéo sur le site de Tribune de Lyon</a></p>
<h1></h1>
<p>&nbsp;</p>
<p>&nbsp;</p>
<h1 style="text-align: center;"></h1>
<h1 style="text-align: center;"></h1>
<h1 style="text-align: center;"></h1>
<h4 style="text-align: center;">A l&rsquo;occasion de la sortie du seul guide pratique consacré à la santé dans la région lyonnaise (Journaliste Rédactrice: Nathaly Mermet) TRIBUNE DE LYON a organisé une grande conférence visant à recenser les dernières innovations en matière de traitement contre les cancers.</h4>
<blockquote>
<h4 style="text-align: center;"></h4>
<h4 style="text-align: center;"></h4>
<h4 style="text-align: center;"></h4>
</blockquote>
<h4 style="text-align: center;">Cette<b><strong> Tribune de la Santé s&rsquo;est tenue le 21 octobre 2013 au Musée des Beaux Arts et </strong></b>avait pour thème</h4>
<h3 style="text-align: center;"><b><strong>Cancer : guérira t-on tous et dans combien de temps ?</strong></b></h3>
<h3 style="text-align: center;"><b><strong>&#8211; Zoom sur les dernières innovations les plus prometteuses &#8211;</strong></b></h3>
<p>&nbsp;</p>
<p>Un excellent casting d&rsquo;intervenants pour débattre et échanger avec un public captivé et participatif :</p>
<blockquote><p><b><strong>Le Pr Véronique Trillet-Lenoir</strong></b><br />
Professeur de cancérologie au CHU de Lyon. Présidente du comité de direction du Cancéropôle Lyon Rhône-Alpes Auvergne (CLARA).<br />
<b><strong><br />
Le Dr Sophie Chappuis</strong></b><br />
Docteur ès Sciences, Co-fondatrice et dirigeante de la start-up Caviskills.<br />
<b><strong><br />
Le Dr Aurélien Marabelle</strong></b><br />
Pédiatre oncologue,  médecin au Centre Léon Bérard (CLB) / Institut d’hématologie et d’oncologie pédiatrique et chercheur au sein de l&rsquo;Institut de Cancérologie.<br />
<b><strong><br />
Le Dr Pascale Romestaing</strong></b><br />
Oncologue, radiothérapeute à l&rsquo;Hôpital Privé Jean Mermoz et à la CLinique CHarcot. Vice présidente de Europa Donna France (association militante qui informe, rassemble et soutient les femmes dans la lutte contre le cancer du sein)</p></blockquote>
<p style="text-align: center;">Table ronde animée par <b><strong>Nathaly Mermet</strong></b> journaliste scientifique et médicale, docteur en neurosciences</p>
<p>Résumé</p>
<p><b><strong>« Le bon traitement pour le bon patient au bon moment »</strong></b> sera de toute évidence le leitmotiv de ces prochaines décennies en matière de prise en charge du cancer. La <b><strong>médecine personnalisée</strong></b> est en effet désormais l’approche qui se généralise, grâce à une meilleure connaissance des <b><strong>mécanismes</strong></b> du cancer, un <b><strong>diagnostic</strong></b> de plus en plus précis couplé de plus en plus au <b><strong>« diagnostic immunitaire </strong></b>» du patient, qui permet d’adapter pour chacun la meilleure stratégie thérapeutique.</p>
<p>Le titre très ambitieux donné à la soirée  ne permettait pas de répondre par oui ou nonà la fin de nos 2h de débat !</p>
<p>En revanche avec nos 4 intervenants nous avons pu parlé des avancées et des innovations dans le domaine de la recherche pour lutter contre les cancers, de l’évolution de leur prise en charge et aussi de comment aujourd’hui VIVRE AVEC un cancer lorsqu’il devient une maladie chronique.</p>
<p>Notre fil rouge était de comprendre comment les avancées scientifiques bénéficient <em>in fine</em> « au bout de la chaîne » au patient, et distinguer les « vrais espoirs  de demain » et les prospectives à très long terme (se méfier des promesses et des extrapolations des médias qui recherchent parfois les effets d’annonce…)</p>
<p>Une rencontre avant tout pour <b><strong>r</strong></b><b><strong>épondre aux nombreuses questions du public</strong></b></p>
<p>Objectifs de la soirée-débat :</p>
<p>Mieux comprendre quelles innovations technologiques et médicales vont révolutionner la prise en charge des cancers ces 20 prochaines années</p>
<p>Mieux connaître qui sont les entreprises sur le territoire leaders en terme d&rsquo;innovation dans le domaine de la cancérologie</p>
<p>Mieux saisir comment s’articulent réseaux de recherche, de soins, d’accompagnement, de suivi (et.) et comment les innovations scientifiques sont transférées au bénéfice du patient</p>

<p>Voir la vidéo sur le site de Tribune de Lyon &nbsp; &nbsp; A l&rsquo;occasion de la sortie du seul guide pratique consacré à la santé dans la région lyonnaise (Journaliste Rédactrice: Nathaly Mermet) TRIBUNE DE LYON a organisé une grande conférence visant à recenser les dernières innovations en matière de traitement contre les cancers. Cette [&hellip;]</p>
