{"id":856,"date":"2014-10-07T02:20:43","date_gmt":"2014-10-07T00:20:43","guid":{"rendered":"http:\/\/www.animation-debat-conference.fr\/?page_id=856"},"modified":"2014-10-07T02:22:11","modified_gmt":"2014-10-07T00:22:11","slug":"debat-parlementaire-sur-les-protheses-auditives","status":"publish","type":"page","link":"https:\/\/animation-debat-conference.fr\/?page_id=856","title":{"rendered":"D\u00e9bat parlementaire sur les proth\u00e8ses auditives"},"content":{"rendered":"<p style=\"text-align: center;\"><strong>Colloque \u00ab\u00a0Bien entendre&#8230;Toute sa vie\u00a0\u00bb<\/strong><\/p>\n<p>Le 6 f\u00e9vrier 2014, la soci\u00e9t\u00e9 Amorce organisait, lors de rencontres parlementaires, deux tables rondes intitul\u00e9es<\/p>\n<p><em><strong>\u00ab La perte de l\u2019audition : une priorit\u00e9 de sant\u00e9 publique \u00bb<\/strong><\/em> et <em><strong>\u00ab Audioproth\u00e8se : quelle prise en charge ? \u00bb<\/strong><\/em>.<\/p>\n<p>Participaient \u00e0 ce colloque<\/p>\n<ul>\n<li>Eric Bizaguet, pr\u00e9sident du Coll\u00e8ge national d\u2019audioproth\u00e8se (CNA)<\/li>\n<li>Etienne Caniard, pr\u00e9sident de la Mutualit\u00e9 fran\u00e7aise<\/li>\n<li>Richard Darmon, pr\u00e9sident directeur g\u00e9n\u00e9ral d\u2019Amplifon-France<\/li>\n<li>Anne Deh\u00eatre, pr\u00e9sidente de la F\u00e9d\u00e9ration nationale des orthophonistes (FNO)<\/li>\n<li>Bruno Delaunay, vice-pr\u00e9sident du Syndicat national des entreprises de l\u2019audition (Synea)<\/li>\n<li>Bruno Frachet, chef du service ORL de l&rsquo;H\u00f4pital Rothschild<\/li>\n<li>Luis Godinho, pr\u00e9sident du Syndicat national des audioproth\u00e9sistes &#8211; Unsaf<\/li>\n<li>Jean-Michel Klein, pr\u00e9sident du Syndicat national des ORL (Snorl)<\/li>\n<li>Christophe Lafond, d\u00e9l\u00e9gu\u00e9 g\u00e9n\u00e9ral de la MGEN.<\/li>\n<\/ul>\n<p>&nbsp;<\/p>\n<p><span style=\"color: #3366ff;\">RENCONTRES CO-PR\u00c9SID\u00c9ES PAR :<\/span><\/p>\n<p>Denis JACQUAT, D\u00e9put\u00e9 de la Moselle, Pr\u00e9sident du Groupe d&rsquo;\u00e9tudes enjeux du vieillissement<br \/>\nMartine PINVILLE, D\u00e9put\u00e9 de la Charente, auteur du rapport Relever le d\u00e9fi politique de l&rsquo;avanc\u00e9e en \u00e2ge<\/p>\n<p>&nbsp;<\/p>\n<p><span style=\"color: #3366ff;\">DEBATS PREPARES ET ANIMES PAR :<\/span><\/p>\n<p>Nathaly Mermet, journaliste scientifique et m\u00e9dicale<br \/>\n<strong><a title=\"Actes des rencontres parlementaires &quot;Bien entendre ...toute sa vie&quot;\" href=\"http:\/\/www.unsaf.org\/doc\/Actes-Bien_entendre_toute_sa_vie-Amorce_2014.pdf\">Retrouver les actes du colloque<\/a><\/strong><\/p>\n","protected":false},"excerpt":{"rendered":"<p>Colloque \u00ab\u00a0Bien entendre&#8230;Toute sa vie\u00a0\u00bb Le 6 f\u00e9vrier 2014, la soci\u00e9t\u00e9 Amorce organisait, lors de rencontres parlementaires, deux tables rondes intitul\u00e9es \u00ab La perte de l\u2019audition : une priorit\u00e9 de sant\u00e9 publique \u00bb et \u00ab Audioproth\u00e8se : quelle prise en charge ? \u00bb. Participaient \u00e0 ce colloque Eric Bizaguet, pr\u00e9sident du Coll\u00e8ge national d\u2019audioproth\u00e8se (CNA) [&hellip;]<\/p>\n","protected":false},"author":1,"featured_media":0,"parent":0,"menu_order":0,"comment_status":"closed","ping_status":"open","template":"","meta":[],"_links":{"self":[{"href":"https:\/\/animation-debat-conference.fr\/index.php?rest_route=\/wp\/v2\/pages\/856"}],"collection":[{"href":"https:\/\/animation-debat-conference.fr\/index.php?rest_route=\/wp\/v2\/pages"}],"about":[{"href":"https:\/\/animation-debat-conference.fr\/index.php?rest_route=\/wp\/v2\/types\/page"}],"author":[{"embeddable":true,"href":"https:\/\/animation-debat-conference.fr\/index.php?rest_route=\/wp\/v2\/users\/1"}],"replies":[{"embeddable":true,"href":"https:\/\/animation-debat-conference.fr\/index.php?rest_route=%2Fwp%2Fv2%2Fcomments&post=856"}],"version-history":[{"count":2,"href":"https:\/\/animation-debat-conference.fr\/index.php?rest_route=\/wp\/v2\/pages\/856\/revisions"}],"predecessor-version":[{"id":859,"href":"https:\/\/animation-debat-conference.fr\/index.php?rest_route=\/wp\/v2\/pages\/856\/revisions\/859"}],"wp:attachment":[{"href":"https:\/\/animation-debat-conference.fr\/index.php?rest_route=%2Fwp%2Fv2%2Fmedia&parent=856"}],"curies":[{"name":"wp","href":"https:\/\/api.w.org\/{rel}","templated":true}]}}