{"id":862,"date":"2014-10-07T03:06:57","date_gmt":"2014-10-07T01:06:57","guid":{"rendered":"http:\/\/www.animation-debat-conference.fr\/?page_id=862"},"modified":"2014-10-07T03:07:19","modified_gmt":"2014-10-07T01:07:19","slug":"les-assises-du-vivant-les-12-et-13-decembre-paris-les-enjeux-de-la-bioeconomie","status":"publish","type":"page","link":"https:\/\/animation-debat-conference.fr\/?page_id=862","title":{"rendered":"Les Assises du Vivant les 12 et 13 d\u00e9cembre 2013, Paris : Les enjeux de la bio\u00e9conomie"},"content":{"rendered":"<p class=\"p1\">Les Assises du Vivant se sont tenues\u00a0les 12 et 13 d\u00e9cembre 2013 \u00e0 Paris, au si\u00e8ge de l&rsquo;UNESCO (<strong>7 place de Fontenoy<\/strong>, 75007 Paris). Elles\u00a0\u00e9taient\u00a0organis\u00e9es par l&rsquo;UNESCO, en\u00a0collaboration avec\u00a0l&rsquo;Institut INSPIRE\u00a0et le\u00a0Cabinet Agrostrat\u00e9gies et Prospectives.<\/p>\n<p class=\"p1\">Cette rencontre portait\u00a0sur <b>les enjeux de la bio\u00e9conomie.\u00a0<\/b><\/p>\n<p class=\"p1\">Alors que nous devons faire face aux d\u00e9fis de l&rsquo;apr\u00e8s-p\u00e9trole, la valorisation des ressources du vivant va devenir incontournable\u2026 Mais encore faut-il s&rsquo;entendre sur les modalit\u00e9s de cette nouvelle \u00e9conomie, ses r\u00e9f\u00e9rences \u00e0 l&rsquo;\u00e9cologie industrielle, \u00e0 l&rsquo;\u00e9conomie circulaire, \u00e0 la substitution des substances p\u00e9trochimiques par des produits biosourc\u00e9s, et ses limites pour permettre la r\u00e9g\u00e9n\u00e9ration des organismes vivants et de leurs supports de vie.<\/p>\n<p class=\"p1\">Ces deux jours \u00e9taient\u00a0l&rsquo;occasion d&rsquo;en apprendre plus sur cette th\u00e9matique, mais aussi de partager les exp\u00e9riences et les initiatives, de confronter les concurrences d&rsquo;usages (aliments, carburants, mol\u00e9cules d\u00e9di\u00e9es \u00e0 la chimie\u2026) de mettre en valeur des solutions prometteuses en rep\u00e9rant les leviers d&rsquo;une bio\u00e9conomie soutenable.<\/p>\n<p class=\"p1\">Parmi les 4 ateliers organis\u00e9s en parall\u00e8le pour relever 4 d\u00e9fis, \u00a0autour de la probl\u00e9matique \u00ab\u00a0La bio\u00e9conomie r\u00e9ussira \u00e0 m\u00e9nager le vivant\u00a0\u00bb, le 1er \u00e9tait anim\u00e9 par Nathaly Mermet sur la th\u00e9matique \u00a0:<\/p>\n<p><strong><em>\u00ab\u00a0Comment organiser les productions\u00a0agroindustrielles en pr\u00e9servant\u00a0l\u2019environnement et les territoires\u00a0?<\/em> <\/strong><\/p>\n<p class=\"p1\">R\u00e9sum\u00e9 : dans le monde, de nombreux \u00ab\u00a0biosites\u00a0\u00bb industriels regroupent diverses activit\u00e9s d\u2019extraction, de transformation et de production provenant de ressources agricoles, sylvicoles ou marines. Quelles sont les applications soutenables\u00a0?<br \/>\nCes proc\u00e9d\u00e9s industriels sont-ils compatibles avec des proc\u00e9d\u00e9s plus traditionnels, ou bien peuvent-ils s\u2019y substituer\u00a0? Comment s\u2019articulent innovation technique et innovation sociale et\u00a0territoriale\u00a0?<\/p>\n<p><strong>Contributeurs\u00a0:<\/strong><\/p>\n<p class=\"p1\">Marc Roquette, administrateur,<br \/>\nRoquette Fr\u00e8res, Michael J. O\u2019Donohue, LISP<br \/>\nbiocatalyse, INSA, Toulouse White Biotechs (TWB),<br \/>\nB\u00e9n\u00e9dicte Hermelin, responsable de programmes au GRET<br \/>\nDiscutant\u00a0: Dominique Barjolle, directrice adjointe de l\u2019Institut de recherche de l\u2019agriculture biologique (FIBL, Suisse)<\/p>\n<p class=\"p1\"><a title=\"Programme Les Assises du Vivant 2013\" href=\"http:\/\/www.inspire-institut.org\/wp-content\/uploads\/2013\/12\/Assises-du-vivant13_4p.pdf\">VOIR LE PROGRAMME COMPLET<\/a><\/p>\n<p class=\"p1\">\n","protected":false},"excerpt":{"rendered":"<p>Les Assises du Vivant se sont tenues\u00a0les 12 et 13 d\u00e9cembre 2013 \u00e0 Paris, au si\u00e8ge de l&rsquo;UNESCO (7 place de Fontenoy, 75007 Paris). Elles\u00a0\u00e9taient\u00a0organis\u00e9es par l&rsquo;UNESCO, en\u00a0collaboration avec\u00a0l&rsquo;Institut INSPIRE\u00a0et le\u00a0Cabinet Agrostrat\u00e9gies et Prospectives. Cette rencontre portait\u00a0sur les enjeux de la bio\u00e9conomie.\u00a0 Alors que nous devons faire face aux d\u00e9fis de l&rsquo;apr\u00e8s-p\u00e9trole, la valorisation des [&hellip;]<\/p>\n","protected":false},"author":1,"featured_media":0,"parent":0,"menu_order":0,"comment_status":"closed","ping_status":"open","template":"","meta":[],"_links":{"self":[{"href":"https:\/\/animation-debat-conference.fr\/index.php?rest_route=\/wp\/v2\/pages\/862"}],"collection":[{"href":"https:\/\/animation-debat-conference.fr\/index.php?rest_route=\/wp\/v2\/pages"}],"about":[{"href":"https:\/\/animation-debat-conference.fr\/index.php?rest_route=\/wp\/v2\/types\/page"}],"author":[{"embeddable":true,"href":"https:\/\/animation-debat-conference.fr\/index.php?rest_route=\/wp\/v2\/users\/1"}],"replies":[{"embeddable":true,"href":"https:\/\/animation-debat-conference.fr\/index.php?rest_route=%2Fwp%2Fv2%2Fcomments&post=862"}],"version-history":[{"count":2,"href":"https:\/\/animation-debat-conference.fr\/index.php?rest_route=\/wp\/v2\/pages\/862\/revisions"}],"predecessor-version":[{"id":865,"href":"https:\/\/animation-debat-conference.fr\/index.php?rest_route=\/wp\/v2\/pages\/862\/revisions\/865"}],"wp:attachment":[{"href":"https:\/\/animation-debat-conference.fr\/index.php?rest_route=%2Fwp%2Fv2%2Fmedia&parent=862"}],"curies":[{"name":"wp","href":"https:\/\/api.w.org\/{rel}","templated":true}]}}

Les Assises du Vivant les 12 et 13 décembre 2013, Paris : Les enjeux de la bioéconomie

<p class="p1">Les Assises du Vivant se sont tenues les 12 et 13 décembre 2013 à Paris, au siège de l&rsquo;UNESCO (<strong>7 place de Fontenoy</strong>, 75007 Paris). Elles étaient organisées par l&rsquo;UNESCO, en collaboration avec l&rsquo;Institut INSPIRE et le Cabinet Agrostratégies et Prospectives.</p>
<p class="p1">Cette rencontre portait sur <b>les enjeux de la bioéconomie. </b></p>
<p class="p1">Alors que nous devons faire face aux défis de l&rsquo;après-pétrole, la valorisation des ressources du vivant va devenir incontournable… Mais encore faut-il s&rsquo;entendre sur les modalités de cette nouvelle économie, ses références à l&rsquo;écologie industrielle, à l&rsquo;économie circulaire, à la substitution des substances pétrochimiques par des produits biosourcés, et ses limites pour permettre la régénération des organismes vivants et de leurs supports de vie.</p>
<p class="p1">Ces deux jours étaient l&rsquo;occasion d&rsquo;en apprendre plus sur cette thématique, mais aussi de partager les expériences et les initiatives, de confronter les concurrences d&rsquo;usages (aliments, carburants, molécules dédiées à la chimie…) de mettre en valeur des solutions prometteuses en repérant les leviers d&rsquo;une bioéconomie soutenable.</p>
<p class="p1">Parmi les 4 ateliers organisés en parallèle pour relever 4 défis,  autour de la problématique « La bioéconomie réussira à ménager le vivant », le 1er était animé par Nathaly Mermet sur la thématique  :</p>
<p><strong><em>« Comment organiser les productions agroindustrielles en préservant l’environnement et les territoires ?</em> </strong></p>
<p class="p1">Résumé : dans le monde, de nombreux « biosites » industriels regroupent diverses activités d’extraction, de transformation et de production provenant de ressources agricoles, sylvicoles ou marines. Quelles sont les applications soutenables ?<br />
Ces procédés industriels sont-ils compatibles avec des procédés plus traditionnels, ou bien peuvent-ils s’y substituer ? Comment s’articulent innovation technique et innovation sociale et territoriale ?</p>
<p><strong>Contributeurs :</strong></p>
<p class="p1">Marc Roquette, administrateur,<br />
Roquette Frères, Michael J. O’Donohue, LISP<br />
biocatalyse, INSA, Toulouse White Biotechs (TWB),<br />
Bénédicte Hermelin, responsable de programmes au GRET<br />
Discutant : Dominique Barjolle, directrice adjointe de l’Institut de recherche de l’agriculture biologique (FIBL, Suisse)</p>
<p class="p1"><a title="Programme Les Assises du Vivant 2013" href="http://www.inspire-institut.org/wp-content/uploads/2013/12/Assises-du-vivant13_4p.pdf">VOIR LE PROGRAMME COMPLET</a></p>
<p class="p1">

<p>Les Assises du Vivant se sont tenues les 12 et 13 décembre 2013 à Paris, au siège de l&rsquo;UNESCO (7 place de Fontenoy, 75007 Paris). Elles étaient organisées par l&rsquo;UNESCO, en collaboration avec l&rsquo;Institut INSPIRE et le Cabinet Agrostratégies et Prospectives. Cette rencontre portait sur les enjeux de la bioéconomie.  Alors que nous devons faire face aux défis de l&rsquo;après-pétrole, la valorisation des [&hellip;]</p>
